insert into business_type (id, created, modified, name)
values (1, current_timestamp, current_timestamp, 'tailor'),
       (2, current_timestamp, current_timestamp, 'nail technician'),
       (3, current_timestamp, current_timestamp, 'masseuse'),
       (4, current_timestamp, current_timestamp, 'makeup artist'),
       (5, current_timestamp, current_timestamp, 'hairdresser'),
       (6, current_timestamp, current_timestamp, 'barber');

insert into service_type (id, created, modified, name, business_type_id)
values (nextval('hibernate_sequence'), current_timestamp, current_timestamp, 'haircut', 5),
       (nextval('hibernate_sequence'), current_timestamp, current_timestamp, 'beard shaving', 6),
       (nextval('hibernate_sequence'), current_timestamp, current_timestamp, 'eye brow plucking', 6),
       (nextval('hibernate_sequence'), current_timestamp, current_timestamp, 'waxing', 6),
       (nextval('hibernate_sequence'), current_timestamp, current_timestamp, 'nail extensions', 2),
       (nextval('hibernate_sequence'), current_timestamp, current_timestamp, 'dress sewing', 1),
       (nextval('hibernate_sequence'), current_timestamp, current_timestamp, 'pants shortening', 1);

insert into stakeholder (id, created, phone_number, email, first_name, last_name, modified, password, stakeholder_type, username)
values (nextval('hibernate_sequence'), current_timestamp, '075658123', 'admin@schedlr.com', 'admin', 'admin', current_timestamp, '$2a$10$DJyjt.Vj/U8MEuYX1PXL9ukQSMwXHVdhre3POlTqpYzNxHB5gu/MW','ADMIN', 'admin'),
        (50000, current_timestamp, '071658125', 'monika_taseva@outlook.com', 'Monika', 'Taseva', current_timestamp, '$2a$10$Zc28AcCpAgxB.e67UMF/2.FgchjH9QWB7z8nP0TdkrFneV4IHPXji','CUSTOMER', 'user'),
        (11111, current_timestamp, '078658523',  'c@c.com', 'Kliment', 'Nedelkovski', current_timestamp, '$2a$10$OratLSMKNsqd7Re.Md3I4.jrRHtTQNaLz/wUKo.I98..GufnD48uG','CUSTOMER', 'c'),
        (10000, current_timestamp, '071218123', 'q@c.com', 'Stefan', 'Petrovski', current_timestamp, '$2a$10$x10O8eLp1r1wHwxDGvyo5.TBL216p8h797JJjQYEfFTbj/1bnCMki','BUSINESS_OWNER', 'q'),
        (40000, current_timestamp, '072336472', 'marija_velkovska@gmail.com', 'Marija', 'Velkovska', current_timestamp, '$2a$10$gnU40aUg/JMVObDUWQBacuZFqyIO2zR05FkXq3vdvf9.FjwtUjRHC','BUSINESS_OWNER','q1');



insert into business (id, business_status, company_name, created, modified, business_type_id, owner_id)
values (10001, 'ACTIVE', 'krojach stefan', current_timestamp, current_timestamp, 1, 10000),
       (40001, 'ACTIVE', 'Manikir Marija', current_timestamp, current_timestamp, 2, 40000);

insert into service (id, created, modified, service_status, duration, price, cumulated_rating, reviews_count, business_id, service_type_id, description)
values (10002, current_timestamp, current_timestamp, 'ACTIVE', 60, 400, 0, 0, 10001, 6, 'Sewing dress with previously bought material.'),
       (10003, current_timestamp, current_timestamp, 'ACTIVE', 30, 200, 0, 0, 10001, 7, 'Shortening of pants and fixing pant''s edges.'),
       (40002, current_timestamp, current_timestamp, 'ACTIVE', 60, 600, 0, 0, 40001, 5, 'Removing old nail extensions and creating new ones.');

insert into appointment (id, created, modified, start_time, end_time, stakeholder_id, service_id)
values
    (nextval('hibernate_sequence'), current_timestamp, current_timestamp, current_date + time '10:00:00', current_date + time '10:59:00', 11111, 10002),
    (nextval('hibernate_sequence'), current_timestamp, current_timestamp, current_date + time '11:00:00', current_date + time '11:29:00', 11111, 10003),
    (nextval('hibernate_sequence'), current_timestamp, current_timestamp, current_date + time '13:00:00', current_date + time '13:59:00', 11111, 10002),
    (nextval('hibernate_sequence'), current_timestamp, current_timestamp, current_date + time '14:00:00', current_date + time '14:29:00', 11111, 10003),
    (nextval('hibernate_sequence'), current_timestamp, current_timestamp, current_date + time '14:30:00', current_date + time '14:59:00', 11111, 10003),
    (nextval('hibernate_sequence'), current_timestamp, current_timestamp, current_date + 1 + time '11:30:00', current_date + 1 + time '11:59:00', 11111, 10003),
    (nextval('hibernate_sequence'), current_timestamp, current_timestamp, current_date + 1 + time '13:30:00', current_date + 1 + time '14:29:00', 11111, 10002),
    (nextval('hibernate_sequence'), current_timestamp, current_timestamp, current_date + 1 + time '15:00:00', current_date + 1 + time '15:29:00', 11111, 10003),
    (nextval('hibernate_sequence'), current_timestamp, current_timestamp, current_date + 1 + time '14:30:00', current_date + 1 + time '14:59:00', 11111, 10003),
    (nextval('hibernate_sequence'), current_timestamp, current_timestamp, current_date - 1 + time '09:00:00', current_date - 1 + time '09:29:00', 11111, 10003),
    (nextval('hibernate_sequence'), current_timestamp, current_timestamp, current_date - 1 + time '10:00:00', current_date - 1 + time '10:59:00', 11111, 10002),
    (nextval('hibernate_sequence'), current_timestamp, current_timestamp, current_date - 1 + time '12:00:00', current_date - 1 + time '12:29:00', 11111, 10003),
    (nextval('hibernate_sequence'), current_timestamp, current_timestamp, current_date - 1 + time '12:40:00', current_date - 1 + time '12:09:00', 11111, 10003),
    (nextval('hibernate_sequence'), current_timestamp, current_timestamp, current_date - 2 + time '10:30:00', current_date - 2 + time '10:59:00', 11111, 10003),
    (nextval('hibernate_sequence'), current_timestamp, current_timestamp, current_date - 2 + time '12:10:00', current_date - 2 + time '13:09:00', 11111, 10002),
    (nextval('hibernate_sequence'), current_timestamp, current_timestamp, current_date - 2 + time '15:10:00', current_date - 2 + time '15:39:00', 11111, 10003),
    (nextval('hibernate_sequence'), current_timestamp, current_timestamp, current_date - 2 + time '14:15:00', current_date - 2 + time '14:44:00', 11111, 10003),
    (nextval('hibernate_sequence'), current_timestamp, current_timestamp, current_date - 3 + time '11:10:00', current_date - 3 + time '11:39:00', 11111, 10003),
    (nextval('hibernate_sequence'), current_timestamp, current_timestamp, current_date - 3 + time '14:30:00', current_date - 3 + time '14:59:00', 11111, 10003),
    (nextval('hibernate_sequence'), current_timestamp, current_timestamp, current_date - 3 + time '08:00:00', current_date - 3 + time '08:29:00', 11111, 10003),
    (nextval('hibernate_sequence'), current_timestamp, current_timestamp, current_date + 2 + time '10:10:00', current_date + 2 + time '10:29:00', 11111, 10003),
    (nextval('hibernate_sequence'), current_timestamp, current_timestamp, current_date + 2 + time '11:15:00', current_date + 2 + time '11:44:00', 11111, 10003),
    (nextval('hibernate_sequence'), current_timestamp, current_timestamp, current_date + 2 + time '14:30:00', current_date + 2 + time '14:59:00', 11111, 10003),
    (nextval('hibernate_sequence'), current_timestamp, current_timestamp, current_date + 3 + time '11:14:00', current_date + 3 + time '11:44:00', 11111, 10003),
    (nextval('hibernate_sequence'), current_timestamp, current_timestamp, current_date + 3 + time '13:25:00', current_date + 3 + time '13:54:00', 11111, 10003),
    (nextval('hibernate_sequence'), current_timestamp, current_timestamp, current_date + 3 + time '14:00:00', current_date + 3 + time '14:29:00', 11111, 10003),
    (nextval('hibernate_sequence'), current_timestamp, current_timestamp, current_date - 2 + time '12:10:00', current_date - 2 + time '13:09:00', 50000, 40002),
    (nextval('hibernate_sequence'), current_timestamp, current_timestamp, current_date - 2 + time '15:10:00', current_date - 2 + time '16:09:00', 50000, 40002),
    (nextval('hibernate_sequence'), current_timestamp, current_timestamp, current_date - 2 + time '14:15:00', current_date - 2 + time '15:14:00', 50000, 40002),
    (nextval('hibernate_sequence'), current_timestamp, current_timestamp, current_date - 3 + time '11:10:00', current_date - 3 + time '12:09:00', 50000, 40002),
    (nextval('hibernate_sequence'), current_timestamp, current_timestamp, current_date - 3 + time '14:30:00', current_date - 3 + time '15:29:00', 50000, 40002),
    (nextval('hibernate_sequence'), current_timestamp, current_timestamp, current_date - 3 + time '08:00:00', current_date - 3 + time '08:59:00', 50000, 40002),
    (nextval('hibernate_sequence'), current_timestamp, current_timestamp, current_date + 2 + time '10:10:00', current_date + 2 + time '11:09:00', 50000, 40002),
    (nextval('hibernate_sequence'), current_timestamp, current_timestamp, current_date + 2 + time '11:15:00', current_date + 2 + time '12:14:00', 50000, 40002),
    (nextval('hibernate_sequence'), current_timestamp, current_timestamp, current_date + 2 + time '14:30:00', current_date + 2 + time '15:29:00', 50000, 40002),
    (nextval('hibernate_sequence'), current_timestamp, current_timestamp, current_date + 3 + time '11:14:00', current_date + 3 + time '12:13:00', 50000, 40002),
    (nextval('hibernate_sequence'), current_timestamp, current_timestamp, current_date + 3 + time '13:25:00', current_date + 3 + time '14:24:00', 50000, 40002),
    (nextval('hibernate_sequence'), current_timestamp, current_timestamp, current_date + 3 + time '14:00:00', current_date + 3 + time '14:59:00', 50000, 40002);
