


insert into biblioteka(bibliotekaID, bAdresa, bIme)
values(1,'BibliotekaAdresa1','BibliotekaIme1');
insert into biblioteka(bibliotekaid, badresa, bime)
values(2,'BibliotekaAdresa2','BibliotekaIme2');
insert into biblioteka(bibliotekaid, badresa, bime)
values(3,'BibliotekaAdresa3','BibliotekaIme3');
insert into biblioteka(bibliotekaid, badresa, bime)
values(4,'BibliotekaAdresa4','BibliotekaIme4');
insert into biblioteka(bibliotekaid, badresa, bime)
values(5,'BibliotekaAdresa5','BibliotekaIme5');


insert into lugje(lugjeID,ime,prezime,adresa,email)
values(1,'lugjeime1','lugjeprezime1','lugjeadresa1','lugjeeEmail1');
insert into lugje(lugjeID,ime,prezime,adresa,email)
values(2,'lugjeime2','lugjeprezime2','lugjeadresa2','lugjeeEmail2');
insert into lugje(lugjeID,ime,prezime,adresa,email)
values(3,'lugjeime3','lugjeprezime3','lugjeadresa3','lugjeeEmail3');
insert into lugje(lugjeID,ime,prezime,email)
values(4,'lugjeime4','lugjeprezime4','lugjeeEmail4');
insert into lugje(lugjeID,ime,prezime,email)
values(5,'lugjeime5','lugjeprezime5','lugjeeEmail5');
insert into lugje(lugjeID,ime,prezime,email)
values(6,'lugjeime6','lugjeprezime6','lugjeeEmail6');



insert into bibliotekar(bibliotekarID, lugjeID, bibliotekaID)
values(1,1,1);
insert into bibliotekar(bibliotekarID, lugjeID, bibliotekaID)
values(2,2,2);
insert into bibliotekar(bibliotekarID, lugjeID, bibliotekaID)
values(3,3,3);




insert into LTel_Broj(lugjeID, LTel_Broj)
values (1, '070-212-552')
insert into LTel_Broj(lugjeID, LTel_Broj)
values (2, '070-032-743')
insert into LTel_Broj(lugjeID, LTel_Broj)
values (3, '070-853-231')



insert into izdavac(izdavacID, iAdresa, iIme, iEmail)
values (1, 'IzdavacAdresa1', 'IzdavacIme1', 'IzdavacEmail1');
insert into izdavac(izdavacID, iAdresa, iIme, iEmail)
values (2, 'IzdavacAdresa2', 'IzdavacIme2', 'IzdavacEmail2');
insert into izdavac(izdavacID, iAdresa, iIme, iEmail)
values (3, 'IzdavacAdresa3', 'IzdavacIme3', 'IzdavacEmail3');
insert into izdavac(izdavacID, iIme, iEmail)
values (4, 'IzdavacIme4', 'IzdavacEmail4');
insert into izdavac(izdavacID, iIme, iEmail)
values (5, 'IzdavacIme5', 'IzdavacEmail5');



insert into ITel_Broj(izdavacID, lTel_Broj)
values (1, '070-332-000')
insert into LTel_Broj(lugjeID, lTel_Broj)
values (2, '070-777-743')
insert into LTel_Broj(lugjeID, lTel_Broj)
values (3, '071-320-231')



insert into knigi(knigaID,naslov, kFormat, kOpis, izdavacID)
values(1,'naslov1', 'FormatKniga1', 'OpisKniga1', 1);
insert into knigi(knigaID,naslov, kFormat, kOpis, izdavacID)
values(2,'naslov2', 'FormatKniga2', 'OpisKniga2', 2);
insert into knigi(knigaID,naslov, kFormat, kOpis, izdavacID)
values(3,'naslov3', 'FormatKniga3', 'OpisKniga3',2);
insert into knigi(knigaID,naslov, kFormat, kOpis, izdavacID)
values(4,'naslov4', 'FormatKniga4', 'OpisKniga4', 3);
insert into knigi(knigaID,naslov, kFormat, kOpis, izdavacID)
values(5,'naslov5', 'FormatKniga5', 'OpisKniga5', 2);
insert into knigi(knigaID,naslov, kFormat, kOpis, izdavacID)
values(6,'naslov6', 'FormatKniga6', 'OpisKniga6',1);


insert into dodava(bibliotekarid,knigaid)
values(1,1);
insert into dodava(bibliotekarid,knigaid)
values(2,2);
insert into dodava(bibliotekarid,knigaid)
values(3,3);


insert into avtor(avtorID, aEmail, aIme)
values(1,'AvtorEmail1','AvtorIme1');
insert into avtor(avtorid, aemail, aime)
values(2,'AvtorEmail2','AvtorIme2');
insert into avtor(avtorid, aemail, aime)
values(3,'AvtorEmail3','AvtorIme3');
insert into avtor(avtorid, aemail, aime)
values(4,'AvtorEmail4','AvtorIme4');
insert into avtor(avtorid, aemail, aime)
values(5,'AvtorEmail5','AvtorIme5');


insert into Napisal(avtorID, knigaID)
values (1,1)
insert into Napisal(avtorID, knigaID)
values (2,2)
insert into Napisal(avtorID, knigaID)
values (2,3)
insert into Napisal(avtorID, knigaID)
values (3,4)
insert into Napisal(avtorID, knigaID)
values (3,1)
insert into Napisal(avtorID, knigaID)
values (2,1)


insert into kategorija(kategorijaid, naslovKategorija)
values(1, 'NaslovKategorija1');
insert into kategorija(kategorijaid, naslovKategorija)
values(2, 'NaslovKategorija2');
insert into kategorija(kategorijaid, naslovKategorija)
values(3, 'NaslovKategorija3');
insert into kategorija(kategorijaid, naslovKategorija)
values(4, 'NaslovKategorija4');
insert into kategorija(kategorijaid, naslovKategorija)
values(5, 'NaslovKategorija5');


insert into klasificira(kategorijaID,knigaID)
values(1,1);
insert into klasificira(kategorijaID,knigaID)
values(2,2);
insert into klasificira(kategorijaID,knigaID)
values(3,3);


insert into Ocena(ocenaID, ocenka, komentar, avtorID, knigaID, clenskiBr)
values (1, 7, 'Pisan komentar prv', 1, 1, 1)
insert into Ocena(ocenaID, ocenka, komentar, avtorID, knigaID, clenskiBr)
values (2, 8, 'Pisan komentar vtor', 3, 1, 2)
insert into Ocena(ocenaID, ocenka, komentar, avtorID, knigaID, clenskiBr)
values (3, 4, 'Pisan komentar tret', 2, 3, 3)
insert into Ocena(ocenaID, ocenka, komentar, avtorID, knigaID, clenskiBr)
values (4, 9.5, 'Pisan komentar cetvrt', 1, 3, 3)
insert into Ocena(ocenaID, avtorID, knigaID, clenskiBr)
values (5, 2, 3, 3)
insert into Ocena(ocenaID, avtorID, knigaID, clenskiBr)
values (6, 1, 3, 3)


insert into InstancaKniga(knigaID, seriskiBr, iStatus, bibliotekaID)
values (1, 1, 'Available', 1)
insert into InstancaKniga(knigaID, seriskiBr, iStatus, bibliotekaID)
values (1, 2, 'Available', 1)
insert into InstancaKniga(knigaID, seriskiBr, iStatus, bibliotekaID)
values (2, 2, 'Not Available', 2)
insert into InstancaKniga(knigaID, seriskiBr, iStatus, bibliotekaID)
values (3, 3, 'Available', 3)
insert into InstancaKniga(knigaID, seriskiBr, iStatus, bibliotekaID)
values (3, 2, 'Not Available', 2)


insert into Pozajmica(pozajmicaID, pStatus, pocetokDatum, krajDatum, knigaID, seriskiBr)
values (1, 'Izvrsena', '2020-04-03', '2020-05-03', 1, 1)
insert into Pozajmica(pozajmicaID, pStatus, pocetokDatum, krajDatum, knigaID, seriskiBr)
values (2, 'Ne Izvrsena', '2020-04-11', '2020-04-28', 1, 2)
insert into Pozajmica(pozajmicaID, pStatus, pocetokDatum, krajDatum, knigaID, seriskiBr)
values (3, 'Ne Izvrsena', '2020-02-03', '2020-06-03', 1, 1)
insert into Pozajmica(pozajmicaID, pStatus, pocetokDatum, krajDatum, knigaID, seriskiBr)
values (4, 'Izvrsena', '2020-04-03', '2020-05-03', 1, 1)
insert into Pozajmica(pozajmicaID, pStatus, pocetokDatum, krajDatum, knigaID, seriskiBr)
values (5, 'Ne Izvrsena', '2020-02-03', '2020-06-03', 3, 3)
insert into Pozajmica(pozajmicaID, pStatus, pocetokDatum, krajDatum, knigaID, seriskiBr)
values (6, 'Izvrsena', '2020-04-03', '2020-05-03', 3, 2)



insert into Rezervacija (rezervacijaID, rStatus, denNaRezervacija, pozajmicaID, bibliotekarID, knigaID, clenskiBr)
values (1, 'Rezervirano', '2020-04-03', 1, 1, 1, 1)
insert into Rezervacija (rezervacijaID, rStatus, denNaRezervacija, pozajmicaID, bibliotekarID, knigaID, clenskiBr)
values (2, 'Ne Rezervirano', '2020-04-07', 1, 2, 1, 2)
insert into Rezervacija (rezervacijaID, rStatus, denNaRezervacija, pozajmicaID, bibliotekarID, knigaID, clenskiBr)
values (3, 'Ne Rezervirano', '2020-04-11', 1, 3, 2, 2)
insert into Rezervacija (rezervacijaID, rStatus, denNaRezervacija, pozajmicaID, bibliotekarID, knigaID, clenskiBr)
values (4, 'Ne Rezervirano', '2020-04-13', 1, 2, 3, 3)






















