insert into sistemski_admin(user_id)
values(1), (2), (3);

insert into kupuvac(kupuvac_tel_broj)
values('078-209-240'),
('075-500-000'),
('070-132-643'),
('077-482-482'),
('078-284-000');

insert into dostavuvac(dostavuvac_vraboten_od)
values('2011-05-23'),
('2019-06-07'),
('2014-01-17'),
('2017-07-12');

insert into menadzer(menadzer_vraboten_od)
values('2009-10-09'),
('2009-12-20'),
('2011-03-30');

insert into restoran(restoran_ime, restoran_rejting, restoran_adresa, user_id)
values('Кај Стефан', 4, 'ул. Борис Кидрич 32, Тетово', 1),
('McDonalds', 4, 'бул. Јане Сандански 79, Скопје', 1),
('Буре Барут', 4, 'ул. Благоја Тоска 41, Тетово', 2),
('Baratie', 5, 'ул. Александар Бујнов 11, Скопје', 2),
('Еснаф', 3, 'ул. Костурска 99, Скопје', 2),
('Ресторан Канцеларија', 3, 'ул. Ѓорѓи Пешков 22, Скопје', 4),
('Гостилница Капка', 5, 'ул. Беджих Сметана 11, Скопје', 2),
('Ресторан Балкан', 4, 'ул. Стево Филиповиќ 3, Скопје', 1),
('Лира', 5, 'ул. Никола Тесла 11, Скопје', 3),
('Ресторан Дебар Маало', 5, 'ул. Орце Николов 136, Скопје', 4),
('Боемска Улица', 3, 'ул. Ѓорѓи Пешков 5, Скопје', 4),
('Гостилница Барик', 4, 'ул. Загребска 31, Скопје', 4),
('Два Елена', 5, 'ул. Загребска 12, Скопје', 4),
('Рустикана 2.0', 4, 'бул. Илинден 94, Скопје', 3);



insert into tip(tip_ime)
values('Пијалоци'),
('Апетисани'),
('Предјадења'),
('Главни Јадења'),
('Десерти');

insert into meni(tip_id, restoran_id)
values(1, 1),
(4, 2),
(2, 1);

insert into obrok(obrok_ime, obrok_opis, meni_id)
values('Хамбургер', 'Сендвич со плескавица и помфрит.', 2),
('Лава колач', 'Чоколаден колач полн со чоколаден крем.', 1),
('Печена пастрмка', 'Печена пастрмка (400 гр.)', 3),
('Цеден сок', 'Цеден сок од портокал/цитрон', 2),
('Лешници', 'Лешници (75 гр.)', 1),
('Телешка чорба', 'Телешка чорба', 3),
('Пилешки прсти', 'Пилешки прсти (250 гр.)', 2),
('Пилешки стек', 'Пил. стек, лути пиперчиња, маслинки, крем сос, домати (300 гр.)', 3),
('Бифтек', 'Бифтек, путер, вргањ (250 гр.)', 1),
('Рижото со морски плодови', 'Басмати ориз, мешани морски плодови, лук, домати, маслинки (300 гр.)', 3),
('Ќофтиња од зеленчук', 'Ќофтиња од зеленчук (300 гр.)', 2),
('Печурки шампињони', 'Печурки шампињони (200 гр.)', 2),
('Пастрмка', 'Пастрмка (1 кг.)', 1);

insert into rezervacija(rezervacija_vreme, br_lugje, rezervacija_status, rezervacija_opis, restoran_id, user_id)
values('2022-12-07 20:00:00', 4, 'R', 'Маса за четворица.', 2, 3),
('2022-12-07 19:30:00', 2, 'R', 'Маса за двајца.', 1, 3),
('2022-12-31 18:00:00', 8, 'R', '2 маси за четворица', 1, 1),
('2022-12-23 17:00:00', 3, 'R', 'Маса за тројца', 7, 4),
('2022-12-28 19:30:00', 1, 'R', 'Маса за еден', 11, 3),
('2022-12-31 22:00:00', 20, 'R', '5 маси за четворица', 12, 2),
('2023-01-02 21:30:00', 4, 'R', 'Маса за четворица', 4, 2),
('2023-01-04 17:00:00', 2, 'R', 'Маса за двајца', 6, 3),
('2023-01-06 16:30:00', 2, 'R', 'Маса за двајца', 6, 1),
('2023-01-08 14:30:00', 6, 'R', 'Маса за шестмина', 4, 2),
('2023-01-11 19:30:00', 3, 'R', 'Маса за тројца', 5, 3);

insert into naracka(naracana_na, naracka_status, naracka_cena_vkupna, user_id_kupuvac, user_id_dostavuvac)
values('2022-12-06 12:37:32', 'I', 380, 1, 3),
('2022-12-07 18:12:01', 'N', 490, 2, 3),
('2022-12-31 09:55:11', 'I', 1220, 1, 2),
('2022-12-31 14:32:43', 'I', 230, 4, 2),
('2022-12-31 18:32:00', 'I', 2430, 1, 2),
('2022-12-31 21:32:21', 'I', 290, 1, 2),
('2022-12-31 17:14:42', 'I', 420, 1, 2),
('2022-12-31 22:21:33', 'I', 450, 1, 2),
('2022-12-31 08:59:43', 'I', 330, 1, 2),
('2022-12-31 07:47:47', 'I', 740, 1, 2);

insert into restoran_tel_broj(restoran_id, broj)
values(1, '078-482-755'),
(2, '075-274-863'),
(3, '072-837-028'),
(4, '078-642-742'),
(5, '078-262-222');

insert into cena(obrok_id, cena_id, cena_iznos, cena_vazi_od, cena_vazi_do)
values(1, 1, 150, '2009-01-01', '2009-01-01'),
(2, 2, 150, '2009-01-01', '2009-01-01'),
(3, 3, 700, '2010-02-13', '2010-02-13'),
(4, 4, 100, '2011-04-23', '2011-04-23'),
(5, 5, 90, '2011-06-07', '2011-06-07'),
(6, 6, 220, '2011-07-22', '2011-07-22'),
(7, 7, 230, '2012-05-05', '2012-05-05'),
(8, 8, 250, '2012-10-01', '2012-10-01'),
(9, 9, 270, '2012-12-31', '2012-12-31'),
(10, 10, 190, '2011-09-03', '2011-09-03'),
(11, 11, 210, '2014-04-07', '2014-04-07'),
(12, 12, 160, '2022-12-23', '2022-12-23'),
(13, 13, 1200, '2022-12-23', '2022-12-23');


insert into rezervira(rezervacija_id, obrok_id)
values(1, 1),
(2, 2),
(3, 3);

insert into se_sostoi_od(naracka_id, obrok_id, kolicina, cena)
values(1, 1, 3, 440),
(2, 2, 7, 990),
(3, 3, 2, 1440);

