


insert into project.predmeti (ime, id_admin) 
values('Дискретна математика',1), ('Физика',1), ('Хемија',1), ('Калкулус',1), ('Гитара',1), ('Веројатност и статистика',1),
('Англиски јазик',1),('Германски јазик',1),('Француски јазик',1);


insert into project.zainteresiran_za (id_predmet, id_ucenik, datum)
values(1,1,'2021-11-29'),(4,2,'2021-11-29'),(5,3,'2021-11-29');


insert into project.kvalifikacii (id_nastavnik,id_admin)
values(1,1),(2,1),(3,1);


insert into project.plakjanja (iznos, id_nastavnik)
values(300,1),(500,1),(400,1);


insert into project.predava_predmet (id_nastavnik, id_predmet, opis)
values (1,1,'Множества, релации, графови, дрва, предикатна логика, комбинаторика.'), 
(2,7,'Classes for beginners, intermediate and advanced levels (A1, A2, B1, B2, C1, C2.'), 
(3,6,'Условна веројатност, Баесова теорема, дискретни и непрекинати распределби, тестирање на хипотези, интервали на доверба.'), 
(4,5,'Почетник? Научи правилно да свириш гитара за рекордно време!');


insert into project.predava_na (id_nastavnik, id_ucenik, cena_po_cas, broj_casovi_po_dogovor, rejting, komentar, hasrated)
values (1,1,300,5,3,'Some comment...',true),(2,1,300,2,4,'Another comment...',true),(3,2,300,10,5,'Random comment...',true);


insert into project.casovi (vreme_pocetok,tema,id_nastavnik,id_predmet)
values (now(),'Множества',1,1),(now(), 'Simple tenses',2,7), (now(),'Условна веројатност',3,6);


insert into project.slusanje (id_cas, id_slusanje, id_plakjanja, id_ucenik, plateno)
values (1,1,1,1,False),(1,2,1,1, False),(1,3,1,1,False);


insert into project.domasni_zadaci (id_domasno, opis, id_nastavnik, id_cas)
values (1, 'Да се решат сите задачи за Множества од скриптата.',1,1),
(2, 'Да се напишат 10 реченици со користење на Simple Tenses.',2,2),
(3,'Да се решат 5 задачи со условна веројатност и да се испратат по e-mail.',3,3);


insert into project.ucenici_domasni (id_ucenik, id_domasno, dali_zavrsena)
values (1,1,True), (2,2,True), (3,3,False);