

insert into Hotel_User (user_id, first_name, last_name, phone, email, password)
values 
	(1, 'Hristijan', 'Deligjorgjiev', '075554846', 'hristijandeligjorgiev@gmail.com', 'Hristijan-Deli215072'),
	(2, 'Dimitar', 'Ecev', '071287701', 'ecevdimitar@outlook.com', 'EecevDim123321!'),
	(3, 'Petar', 'Petrovski', '076992674', 'petarpetrovski@hotmail.com', 'QwEsDfG231@#$'),
	(4, 'Angela', 'Angelovska', '077123123', 'angelovskaa@gmail.com', 'V27cLCg3spitcYo');

insert into Customer(user_id)
values
	(3),
	(4);


insert into Manager(user_id)
values
	(1);

insert into Hotel_Building (building_id, address, city, floor, num_rooms, manager_id)
values 
	('21C', 'Trifun Panovski 11', 'Skopje', 6, 10, 1),
	('3B', 'Maksim Gorki', 'Bitola', 3, 20, 1),
	('14A', 'Borka Talevski', 'Prilep', 5, 15, 1);

insert into Staff(user_id, building_id)
values
	(2,'21C');

insert into Room(room_number, building_id, room_type, number_of_beds, price_per_night, available)
values 
(510, '21C', 'luxury', 2, 120, true),
(202, '21C', 'luxury', 1, 80, false),
(110, '3B', 'regular', 3, 100, true),
(306, '14A', 'regular', 2, 60, false);


insert into Reservation(reservation_id, start_date, end_date, status, reserv_date, room_number, building_id, customer_id, manager_id)
values
(1, '2024-12-15','2024-12-28', 'Approved', '2024-12-03', 202, '21C', 3, 1),
(2, '2025-01-05','2025-01-07', 'Approved', '2025-01-02', 306, '14A', 4, 1);

INSERT INTO Payment (p_id, p_method, amount, p_date, reservation_id, customer_id)
VALUES
    (1, 'card', 80, '2024-12-03', 1, 3), 
    (2, 'cash', 60, '2025-01-02', 2, 4); 

INSERT INTO Service (service_id, service_type, service_date, service_status, room_number, building_id, staff_id)
VALUES 
    (1, 'cleaning', '2025-01-02', 'done', 510, '21C', 2);
