insert into korisnici(korisnicko_ime,lozinka,e_posta) values
('ivona','1234','ivona.tapshanovska@gmail.com'),
('matej','1234','matejco@gmail.com'),
('nikola','1234','nikola123@gmail.com'),
('dejan','1234','dejan.123@gmail.com'),
('marko','1234','marko312@gmail.com'),
('mila','12341234','milaa@gmail.com'),
('biljance','1234das','bici@gmail.com'),
('dejanco','das1234','dejand.13@gmail.com'),
('mirjana','1234','mira.tapshanovska@gmail.com'),
('goran','1234','gogo@gmail.com'),
('filip','1234','ficho32@gmail.com'),
('kosta','1234','kosta.123@gmail.com');

insert into dostavuvaci (korisnicko_ime) values
('ivona'),('matej'),('nikola'),('dejan');


insert into vraboteni  (korisnicko_ime) values
('marko'),('mila'), ('biljance'),('dejanco');

insert into kupuvaci (korisnicko_ime) values
('mirjana'),('goran'),('filip'),('kosta');


insert into naracki (korisnicko_ime, suma, status) values
('mirjana',2000, default),
('mirjana',3250, default),
('goran',2000, default),
('filip',2000, default);


update naracki 
set nacin_na_plakanje='vo gotovo'
where korisnicko_ime like 'mirjana';


insert into dostavuvanja (data_na_dostavuvanje, korisnicko_ime,id_naracka) values
(now(),'ivona',1),
(now(),'matej',2),
(now(),'nikola',3),
(now(),'dejan',4);


insert into kompanija (ime) values 
('razer'),
('logitech'),
('rampage'),
('msi');



insert into proizvodi (kolicina, ime_proizvod, ime) values 
(20, 'slusalki', 'rampage'),
(13, 'tastatura', 'razer'),
(14, 'monitor', 'msi'),
(23, 'gluvce', 'logitech');

insert into parce(id_proizvod) values
(1),
(2),
(3),
(4);

insert into kategorii (ime, id_proizvod) values 
('audio',1),
('komponenti',2),
('komponenti',4);

insert into cena ( datum_na_cena, popust, iznos,id_proizvod) values
(now(),20,14000,1),
(now(),20,32000,4),
(now(),20,300,2),
(now(),20,4500,3);

insert into garancija(datum_do,datum_od,id_proizvod) values 
(now()+interval '2 month',now(),1),
(now()+interval '4 month',now(),2),
(now()+interval '6 month',now(),3),
(now()+interval '1 month',now(),4);

insert into komentari(id_proizvod, korisnicko_ime, tekst) values 
(1,'mirjana','zadovolna sum od proizvodot'),
(2,'goran','ne sum zadovolen od proizvodot'),
(3,'filip','ne sum zadovolen od proizvodot'),
(4,'kosta','ne sum zadovolen od proizvodot');

insert into magacini (lokacija, korisnicko_ime) values 
('Pero Nakov','marko'),
('Pero Nakov','biljance'),
('Rudzer Boskovic','dejanco'),
('Rudzer Boskovic','mila');


insert into parce_e_del_od_naracki (id_parce, id_naracka) values 
(1,2) ,
(2,3),
(3,4);

insert into parce_dostapno_vo_magacini (id_parce, id_magacin) values 
(1,2),
(2,2),
(3,2);

insert into komentar_na_proizvod (korisnicko_ime, id_proizvod ) values 
('mirjana',1),
('filip',3),
('goran',2);
