delete from bolnica;
delete from bolnica_telefonski_broevi;
delete from doktor;
delete from lekovi;
delete from oddel;
delete from pacient;
delete from pregled;
delete from recepta;
delete from rezervacija;
delete from specijalnost;
delete from telefonski_broevi;
delete from termin;
delete from transakcija;
delete from upat;
                

              
insert into telefonski_broevi (covek_broj_id, telefonski_broj) values (1, '070-552-111');
insert into telefonski_broevi (covek_broj_id, telefonski_broj) values (2, '070-552-222');
insert into telefonski_broevi (covek_broj_id, telefonski_broj) values (2, '070-552-333');
insert into telefonski_broevi (covek_broj_id, telefonski_broj) values (4, '070-552-444');
insert into telefonski_broevi (covek_broj_id, telefonski_broj) values (5, '070-552-555');
insert into telefonski_broevi (covek_broj_id, telefonski_broj) values (6, '070-552-666');
insert into telefonski_broevi (covek_broj_id, telefonski_broj) values (7, '070-552-777');
insert into telefonski_broevi (covek_broj_id, telefonski_broj) values (8, '070-552-888');
insert into telefonski_broevi (covek_broj_id, telefonski_broj) values (9, '070-552-999');
insert into telefonski_broevi (covek_broj_id, telefonski_broj) values (10, '070-552-121');
insert into telefonski_broevi (covek_broj_id, telefonski_broj) values (11, '070-552-122');
insert into telefonski_broevi (covek_broj_id, telefonski_broj) values (2, '070-552-123');
										


insert into specijalnost (spec_id, naziv) values  (1, 'Otorinolaringologija');
insert into specijalnost (spec_id, naziv) values  (2, 'Dermatovenerologija');
insert into specijalnost (spec_id, naziv) values  (3, 'Oftalmologija');
insert into specijalnost (spec_id, naziv) values  (4, 'Ortopedija');
insert into specijalnost (spec_id, naziv) values  (5, 'Interna medicina');
insert into specijalnost (spec_id, naziv) values  (6, 'Kardiologija');
insert into specijalnost (spec_id, naziv) values  (7, 'Ginekologija');
insert into specijalnost (spec_id, naziv) values  (8, 'Pedijatrija');
insert into specijalnost (spec_id, naziv) values  (9, 'Gastroenterohepatologija');
insert into specijalnost (spec_id, naziv) values (10, 'Semeen lekar');
										
		

insert into bolnica (bolnica_id, naziv, grad, broj, ulica, smetka_bolnica) values
					(1, 'Градска Општа болница „8 Септември"', 'Skopje', 3, 'Bledski Dogovor', '123456789'),
					(2, 'Ј.З.У Специјална болница по гинекологија и акушерство „Мајка Тереза“', 'Skopje', 17, 'Majka Tereza', '213456789'),
					(3, 'Универзитетската Клиника за Радиотерапија и Онкологија', 'Skopje', 17, 'Majka Tereza', '312456789'),
					(4, 'ЈЗУ Универзитетски кардиолошки клинички центар', 'Skopje', 17, 'Majka Tereza', '412356789'),
					(5, 'Градска Општа болница', 'Skopje', 10, '11 Oktomvri', '512346789');
					
	
				
insert into bolnica_telefonski_broevi (bolnica_id, telefonski_br_bolnica) values 
					(1, '02 3087 400'),
					(1, '02 3072 125'),
					(2, '02 4323 132'),
					(2, '02 3087 133'),
					(3, '02 3087 405'),
					(3, '02 3087 311'),
					(4, '02 3087 500'),
					(5, '02 3087 522');
					

				
insert into oddel (bolnica_id, oddel_id, naziv, spec_id) values (1, 100, 'Pedijatrija', 8);
insert into oddel (bolnica_id, oddel_id, naziv, spec_id) values (2, 101, 'Ginekologija', 7);
insert into oddel (bolnica_id, oddel_id, naziv, spec_id) values (3, 102, 'Interna medicina', 5);
insert into oddel (bolnica_id, oddel_id, naziv, spec_id) values (4, 103, 'Kardiologija', 6);
insert into oddel (bolnica_id, oddel_id, naziv, spec_id) values (5, 104, 'Ortopedija', 4);
insert into oddel (bolnica_id, oddel_id, naziv, spec_id) values (5, 105, 'Otorinolaringologija', 1);
insert into oddel (bolnica_id, oddel_id, naziv, spec_id) values (1, 106, 'Dermatovenerologija', 2);
insert into oddel (bolnica_id, oddel_id, naziv, spec_id) values (5, 107, 'Oftalmologija', 3);
insert into oddel (bolnica_id, oddel_id, naziv, spec_id) values (5, 108, 'Gastroenterohepatologija', 9);
insert into oddel (bolnica_id, oddel_id, naziv, spec_id) values (1, 109, 'Opsta medicina', 10);
				


insert into doktor (doktor_id, br_licenca, opis, spec_id, oddel_id, bolnica_id) values (2, 201, 'Specijalist', 1, 105, 5);
insert into doktor (doktor_id, br_licenca, opis, spec_id, oddel_id, bolnica_id) values (4, 202, 'Maticen', 10, 109, 1);
insert into doktor (doktor_id, br_licenca, opis, spec_id, oddel_id, bolnica_id) values (5, 203, 'Specijalist', 2, 106, 1);
insert into doktor (doktor_id, br_licenca, opis, spec_id, oddel_id, bolnica_id) values (6, 204, 'Specijalist', 6, 103, 4);
insert into doktor (doktor_id, br_licenca, opis, spec_id, oddel_id, bolnica_id) values (7, 205, 'Specijalist', 4, 104, 5);


		 
insert into Termin (termin_id, doktor_id, vreme) values (301, 2, now() + interval '3 days');
insert into Termin (termin_id, doktor_id, vreme) values (302, 2, now() + interval '4 days');
insert into Termin (termin_id, doktor_id, vreme) values (303, 2, now() + interval '3 days');
insert into Termin (termin_id, doktor_id, vreme) values (304, 6, now() + interval '5 days');
insert into Termin (termin_id, doktor_id, vreme) values (305, 6, now() + interval '5 days');
insert into Termin (termin_id, doktor_id, vreme) values (306, 5, now() + interval '6 days');
insert into Termin (termin_id, doktor_id, vreme) values (307, 5, now() + interval '10 days');
insert into Termin (termin_id, doktor_id, vreme) values (308, 7, now() + interval '2 days');
insert into Termin (termin_id, doktor_id, vreme) values (309, 7, now() + interval '8 days');
insert into Termin (termin_id, doktor_id, vreme) values (310, 7, ('2021-12-28 08:00')::timestamp);
insert into Termin (termin_id, doktor_id, vreme) values (311, 5, ('2021-12-25 12:00')::timestamp);		
				


insert into pacient (covek_pacient_id, pacient_id) values (1, 1001), (8, 1002), (9, 1003), (10, 1004), (11, 1005);



insert into pregled (pregled_id, vreme, doktor_id, covek_pacient_id) values  (1, now(), 2, 1), (2, now(), 4, 8), (3, now(), 5, 9), (4, now(), 6, 10), (5, now(), 7, 1);
					
				

insert into upat (upat_id, dijagnoza, covek_pacient_id, pregled_id, bolnica_id, oddel_id) values (1, 'Bolki vo gradniot kos', 10, 4, 4, 103);
insert into upat (upat_id, dijagnoza, covek_pacient_id, pregled_id, bolnica_id, oddel_id) values (2, 'Crvenilo na kozata', 9, 3, 1, 106);
insert into upat (upat_id, dijagnoza, covek_pacient_id, pregled_id, bolnica_id, oddel_id) values (3, 'Bolki vo kolenoto', 1, 5, 5, 104);
		
				
				
insert into rezervacija (rezervacija_id, upat_id, termin_id, doktor_id) values  (500, 1, 304, 6), (501, 2, 306, 5), (502, 3, 309, 7);
					


insert into transakcija (tran_id, suma, smetka_bolnica, rezervacija_id) values 
					(600, 50, '512346789', 502), (601, 20, '123456789', 501), (602, 20, '412356789', 500);
					
				
				
insert into lekovi (lek_id, ime_lek, genericko_ime) values (800, 'Zantac', 'Ranitidine');
insert into lekovi (lek_id, ime_lek, genericko_ime) values (801, 'Glucophage', 'Metformin');
insert into lekovi (lek_id, ime_lek, genericko_ime) values (802, 'Prandin', 'Repaglinide');
insert into lekovi (lek_id, ime_lek, genericko_ime) values (803, 'Ticlid', 'Ticlopidine');
insert into lekovi (lek_id, ime_lek, genericko_ime) values (804, 'Nitroglycerin', 'Glyceryl trinitrate');
insert into lekovi (lek_id, ime_lek, genericko_ime) values (805, 'Cardura', 'Doxazosin');
insert into lekovi (lek_id, ime_lek, genericko_ime) values (806, 'Amoksiklav', 'Amoxicillin');
					


insert into recepta (recepta_id, datum_izdavanje, datum_vaznost, datum_kupuvanje, pregled_id, lek_id, doktor_id, covek_pacient_id) values 
				(900, now(), now()+interval '10 days', now()+interval '1 days', 1, 800, 2, 1),
				(901, now(), now()+interval '10 days', now()+interval '8 days', 2, 801, 4, 8);

			
			
insert into recepta (recepta_id, datum_izdavanje, datum_vaznost, pregled_id, lek_id, doktor_id, covek_pacient_id) values
				(902, now(), now()+interval '10 days', 3, 806, 5, 9);


