
INSERT INTO project.managers (user_id) VALUES
	 (4),
	 (14),
	 (16),
	 (28),
	 (45),
	 (46),
	 (65),
	 (67),
	 (68),
	 (69);
INSERT INTO project.artist_types (id,"name") VALUES
	 (1,'Solo'),
	 (2,'Duo'),
	 (3,'Band');
INSERT INTO project.genres (id,"name") VALUES
	 (1,'Blues'),
	 (2,'Classic Rock'),
	 (3,'Country'),
	 (4,'Dance'),
	 (5,'Disco'),
	 (6,'Funk'),
	 (7,'Grunge'),
	 (8,'Hip-Hop'),
	 (9,'Jazz'),
	 (10,'Metal');
INSERT INTO project.genres (id,"name") VALUES
	 (11,'New Age'),
	 (12,'Oldies'),
	 (13,'Other'),
	 (14,'Pop'),
	 (15,'R&B'),
	 (16,'Rap'),
	 (17,'Reggae'),
	 (18,'Rock'),
	 (19,'Techno'),
	 (20,'Industrial');
INSERT INTO project.genres (id,"name") VALUES
	 (21,'Alternative'),
	 (22,'Ska'),
	 (23,'Death Metal'),
	 (24,'Pranks'),
	 (25,'Soundtrack'),
	 (26,'Euro-Techno'),
	 (27,'Ambient'),
	 (28,'Trip-Hop'),
	 (29,'Vocal'),
	 (30,'Jazz+Funk');
INSERT INTO project.genres (id,"name") VALUES
	 (31,'Fusion'),
	 (32,'Trance'),
	 (33,'Classical'),
	 (34,'Instrumental'),
	 (35,'Acid'),
	 (36,'House'),
	 (37,'Game'),
	 (38,'Sound Clip'),
	 (39,'Gospel'),
	 (40,'Noise');
INSERT INTO project.genres (id,"name") VALUES
	 (41,'Alternative Rock'),
	 (42,'Bass'),
	 (43,'Soul'),
	 (44,'Punk'),
	 (45,'Space'),
	 (46,'Meditative'),
	 (47,'Instrumental Pop'),
	 (48,'Instrumental Rock'),
	 (49,'Ethnic'),
	 (50,'Gothic');
INSERT INTO project.genres (id,"name") VALUES
	 (51,'Darkwave'),
	 (52,'Techno-Industrial'),
	 (53,'Electronic'),
	 (54,'Pop-Folk'),
	 (55,'Eurodance'),
	 (56,'Dream'),
	 (57,'Southern Rock'),
	 (58,'Comedy'),
	 (59,'Cult'),
	 (60,'Gangsta');
INSERT INTO project.genres (id,"name") VALUES
	 (61,'Top 40'),
	 (62,'Christian Rap'),
	 (63,'Pop/Funk'),
	 (64,'Jungle'),
	 (65,'Native US'),
	 (66,'Cabaret'),
	 (67,'New Wave'),
	 (68,'Psychadelic'),
	 (69,'Rave'),
	 (70,'Showtunes');
INSERT INTO project.genres (id,"name") VALUES
	 (71,'Trailer'),
	 (72,'Lo-Fi'),
	 (73,'Tribal'),
	 (74,'Acid Punk'),
	 (75,'Acid Jazz'),
	 (76,'Polka'),
	 (77,'Retro'),
	 (78,'Musical'),
	 (79,'Rock & Roll'),
	 (80,'Hard Rock');
INSERT INTO project.genres (id,"name") VALUES
	 (81,'Folk'),
	 (82,'Folk-Rock'),
	 (83,'National Folk'),
	 (84,'Swing'),
	 (85,'Fast Fusion'),
	 (86,'Bebob'),
	 (87,'Latin'),
	 (88,'Revival'),
	 (89,'Celtic'),
	 (90,'Bluegrass');
INSERT INTO project.genres (id,"name") VALUES
	 (91,'Avantgarde'),
	 (92,'Gothic Rock'),
	 (93,'Progressive Rock'),
	 (94,'Psychedelic Rock'),
	 (95,'Symphonic Rock'),
	 (96,'Slow Rock'),
	 (97,'Big Band'),
	 (98,'Chorus'),
	 (99,'Easy Listening'),
	 (100,'Acoustic');
INSERT INTO project.genres (id,"name") VALUES
	 (101,'Humour'),
	 (102,'Speech'),
	 (103,'Chanson'),
	 (104,'Opera'),
	 (105,'Chamber Music'),
	 (106,'Sonata'),
	 (107,'Symphony'),
	 (108,'Booty Bass'),
	 (109,'Primus'),
	 (110,'Porn Groove');
INSERT INTO project.genres (id,"name") VALUES
	 (111,'Satire'),
	 (112,'Slow Jam'),
	 (113,'Club'),
	 (114,'Tango'),
	 (115,'Samba'),
	 (116,'Folklore'),
	 (117,'Ballad'),
	 (118,'Power Ballad'),
	 (119,'Rhythmic Soul'),
	 (120,'Freestyle');
INSERT INTO project.genres (id,"name") VALUES
	 (121,'Duet'),
	 (122,'Punk Rock'),
	 (123,'Drum Solo'),
	 (124,'Acapella'),
	 (125,'Euro-House'),
	 (126,'Dance Hall'),
	 (127,'Goa'),
	 (128,'Drum & Bass'),
	 (129,'Club - House'),
	 (130,'Hardcore');
INSERT INTO project.genres (id,"name") VALUES
	 (131,'Terror'),
	 (132,'Indie'),
	 (133,'BritPop'),
	 (134,'Negerpunk'),
	 (135,'Polsk Punk'),
	 (136,'Beat'),
	 (137,'Christian Gangsta Rap'),
	 (138,'Heavy Metal'),
	 (139,'Black Metal'),
	 (140,'Crossover');
INSERT INTO project.genres (id,"name") VALUES
	 (141,'Contemporary Christian'),
	 (142,'Christian Rock'),
	 (143,'Merengue'),
	 (144,'Salsa'),
	 (145,'Thrash Metal'),
	 (146,'Anime'),
	 (147,'JPop'),
	 (148,'Synthpop');
INSERT INTO project.artists (user_id,birth_date,city,country,short_description,price_per_hour,instagram_link,soundcloud_link,apple_music_link,youtube_link,spotify_link,manager_id,artist_type_id,admin_verified_at) VALUES
	 (13,'2003-01-11','Kabul','Afghanistan',NULL,150.0,NULL,NULL,NULL,NULL,NULL,NULL,3,'2022-01-29 16:20:00.508257'),
	 (70,'2022-03-18','Skopje','North Macedonia','Description',NULL,NULL,NULL,NULL,NULL,NULL,NULL,3,NULL),
	 (71,'2016-06-30','Skopje','North Macedonia','Short description',NULL,NULL,NULL,NULL,NULL,NULL,NULL,1,'2022-01-29 16:20:00.508'),
	 (1,'1989-12-13','West Reading','United States','Taylor Alison Swift is an American singer-songwriter. Her discography spans multiple genres, and her narrative songwriting, which is often inspired by her personal life, has received widespread media coverage and critical praise.',1350.0,'https://www.instagram.com/taylorswift','https://soundcloud.com/taylorswiftofficial','https://music.apple.com/us/artist/taylor-swift/159260351','https://music.apple.com/us/artist/taylor-swift/159260351','https://open.spotify.com/artist/06HL4z0CvFAxyc27GXpf02',28,1,'2022-01-29 16:20:00.508'),
	 (49,NULL,NULL,NULL,NULL,NULL,NULL,NULL,NULL,NULL,NULL,NULL,NULL,NULL),
	 (50,NULL,NULL,NULL,NULL,NULL,NULL,NULL,NULL,NULL,NULL,NULL,NULL,NULL),
	 (51,NULL,NULL,NULL,NULL,NULL,NULL,NULL,NULL,NULL,NULL,NULL,NULL,NULL),
	 (52,NULL,NULL,NULL,NULL,NULL,NULL,NULL,NULL,NULL,NULL,NULL,NULL,NULL),
	 (53,NULL,NULL,NULL,NULL,NULL,NULL,NULL,NULL,NULL,NULL,NULL,NULL,NULL),
	 (57,'2022-02-28','Skopje','North Macedonia','Description',NULL,NULL,NULL,NULL,NULL,NULL,28,1,NULL);
INSERT INTO project.artists (user_id,birth_date,city,country,short_description,price_per_hour,instagram_link,soundcloud_link,apple_music_link,youtube_link,spotify_link,manager_id,artist_type_id,admin_verified_at) VALUES
	 (58,'2022-02-25','Belgrade','Serbia','asdasd',NULL,NULL,NULL,NULL,NULL,NULL,NULL,1,NULL),
	 (59,'2022-02-24','Belgrade','North Macedonia','asd',NULL,NULL,NULL,NULL,NULL,NULL,NULL,1,NULL),
	 (61,'2022-02-28','Select City','Select Country','Description',NULL,NULL,NULL,NULL,NULL,NULL,NULL,1,NULL),
	 (6,'2000-01-01','Skopje','North Macedonia','Srpska pevacica',268.0,NULL,NULL,NULL,NULL,NULL,46,1,'2022-01-21 22:11:38.866518'),
	 (48,'1999-02-11','Belgrade','Serbia','Serbian President',NULL,NULL,NULL,NULL,NULL,NULL,NULL,3,'2022-02-28 16:20:00.508'),
	 (47,'2022-02-02','Belgrade','Serbia','Serbian Legend',NULL,NULL,NULL,NULL,NULL,NULL,NULL,1,'2022-02-28 16:21:00.508'),
	 (22,'2000-01-01','Skopje','Armenia','Professional Photographer
Simpictures
Jan 2018 - Present · 4 yrs 2 mos
Macedonia',NULL,NULL,NULL,NULL,NULL,NULL,28,1,'2022-01-29 16:20:00.508'),
	 (64,'2021-12-28','Paris','France','Film Star',NULL,NULL,NULL,NULL,NULL,NULL,65,1,'2022-03-01 14:21:00.508');
INSERT INTO project.artist_images ("path",created_at,updated_at,artist_id) VALUES
	 ('/taylor/image01.jpg','2022-01-15 21:04:37',NULL,1),
	 ('/taylor/image02.jpg','2022-01-15 21:05:02',NULL,1),
	 ('/taylor/image03.jpg','2022-01-15 21:05:05',NULL,1),
	 ('/taylor/image04.jpg','2022-01-15 21:05:07',NULL,1);
INSERT INTO project.artist_sings_genres (artist_id,genre_id) VALUES
	 (1,14),
	 (6,5),
	 (6,14),
	 (6,2),
	 (13,27),
	 (13,26),
	 (1,2),
	 (13,14),
	 (61,2),
	 (61,3);
INSERT INTO project.artist_sings_genres (artist_id,genre_id) VALUES
	 (61,4),
	 (22,2),
	 (22,3),
	 (22,4),
	 (48,3),
	 (48,4),
	 (47,4),
	 (64,3),
	 (70,2),
	 (70,3);
INSERT INTO project.artist_sings_genres (artist_id,genre_id) VALUES
	 (70,4),
	 (71,1),
	 (71,2),
	 (71,6),
	 (71,7);
INSERT INTO project.event_types (id,"name") VALUES
	 (1,'Private Party'),
	 (2,'Birthday'),
	 (3,'Ceremonies'),
	 (4,'Product Launches'),
	 (5,'VIP Events'),
	 (6,'Team Building'),
	 (7,'Party'),
	 (8,'Networking event'),
	 (9,'Awards & Competitions'),
	 (10,'Webinars');
INSERT INTO project.event_types (id,"name") VALUES
	 (11,'Theme Party');
INSERT INTO project.organizers (user_id,city,country) VALUES
	 (5,'Skopje','North Macedonia'),
	 (11,'Skopje','North Macedonia'),
	 (40,NULL,NULL),
	 (41,NULL,NULL),
	 (42,NULL,NULL),
	 (43,NULL,NULL),
	 (54,NULL,NULL),
	 (55,'Skopje','North Macedonia'),
	 (23,'Belgrade','Serbia'),
	 (56,'Skopje','North Macedonia');
INSERT INTO project.organizers (user_id,city,country) VALUES
	 (60,'Skopje','North Macedonia'),
	 (66,'Skopje','North Macedonia'),
	 (72,'Skopje','North Macedonia');
INSERT INTO project.events (id,title,slug,start_time,end_time,event_date,city,country,description,event_type_id,updated_at,created_at,organizer_id) VALUES
	 (1,'Cocktail Party','cocktail-party','19:00:00','22:00:00','2022-03-08','Skopje','North Macedonia','a social gathering, often held during the cocktail hour, at which cocktails and other alcoholic beverages, hors d''oeuvres, and canapés are served.',7,NULL,'2022-01-15 21:03:46',5),
	 (2,'Igor''s Birthday','igors-birthday','21:00:00','23:30:00','2022-09-15','Belgrade','Serbia','It''s my birthday!',2,NULL,'2022-01-21 21:20:02.648826',11),
	 (7,'Night Party','night-party','23:00:00','01:00:00','2022-02-02','Madrid','Spain','Test Description',7,NULL,'2022-01-22 18:20:02.648',11),
	 (8,'VIP Party','vip-party','20:00:00','22:30:00','2022-03-15','Skopje','North Macedonia','VIP Party',5,NULL,'2022-01-29 17:38:03.945092',5),
	 (9,'Webinar','webinar','20:00:00','22:00:00','2022-02-01','Bitola','North Macedonia','Webinar !!!',10,NULL,'2022-02-01 14:10:25.259827',11),
	 (10,'Team Building','team-building','16:00:00','19:00:00','2022-06-01','Tokyo','Japan','Team Buildiiing',6,NULL,'2022-02-01 14:21:49.455522',5),
	 (13,'Test','test','22:57:00','22:57:00','2022-02-09','Sofia','Bulgaria','Test',3,'2022-02-01 19:05:40','2022-02-01 19:05:40',23),
	 (15,'Casino Royale','casino-royale','22:00:00','00:15:00','2022-07-07','Athens','Greece','Test Description',4,'2022-02-02 23:26:07','2022-02-01 19:53:04',23),
	 (17,'My Birthday','my-birthday','12:39:00','16:44:00','2022-09-13','Skopje','Macedonia','Its my birthdaaay',2,'2022-02-03 17:15:33','2022-02-02 21:40:00',23),
	 (18,'Test from Proposal','test-from-proposal','19:17:00','21:15:00','2022-02-08','Skopje','Macedonia','asdas',1,'2022-02-03 18:15:30','2022-02-03 18:15:30',23);
INSERT INTO project.events (id,title,slug,start_time,end_time,event_date,city,country,description,event_type_id,updated_at,created_at,organizer_id) VALUES
	 (21,'Test 2 Proposal','test-2-proposal','22:01:00','23:01:00','2022-02-10','Skopje','Macedonia','sadasd',1,'2022-02-03 19:01:22','2022-02-03 19:01:22',23),
	 (23,'Test 3 Proposal','test-3-proposal','23:13:00','23:13:00','2022-02-09','Skopje','Macedonia','sdadasdsada',1,'2022-02-03 19:13:11','2022-02-03 19:13:11',23),
	 (14,'Boki''s Birthday','bokis-birthday','01:07:00','02:07:00','2022-02-15','Budapest','Hungary','Awwards',9,'2022-02-03 19:39:43','2022-02-01 19:07:38',23),
	 (24,'Test Event for Taylor','test-event-for-taylor','21:17:00','08:18:00','2022-02-18','Skopje','MKD','Description',10,'2022-02-22 16:15:08','2022-02-22 16:15:08',56),
	 (26,'NEW','new','17:30:00','23:29:00','2022-02-14','Skopje','MKD','Event description',6,'2022-02-22 16:26:31','2022-02-22 16:26:31',56),
	 (46,'DJ Party Night','dj-party-night','21:00:00','23:30:00','2022-03-05','Dubai','United Arab Emirates','Testing functionalities 123',5,'2022-02-27 18:30:22','2022-02-27 18:30:01',23),
	 (27,'Proident voluptas s','proident-voluptas-s','20:08:00','12:51:00','1977-06-14','Singapore','Singapore','Quibusdam amet hic',7,'2022-02-22 16:27:21','2022-02-22 16:27:21',56),
	 (28,'Est quis velit maior','est-quis-velit-maior','15:45:00','18:05:00','1970-03-04','Singapore','Singapore','Ea proident enim ne',6,'2022-02-22 16:28:05','2022-02-22 16:28:05',56),
	 (29,'Est quis velit maior 123213','est-quis-velit-maior-123213','15:45:00','18:05:00','1970-03-04','Singapore','Singapore','Ea proident enim ne',6,'2022-02-22 16:28:36','2022-02-22 16:28:36',56),
	 (30,'Est quis velit maior 123213 123','est-quis-velit-maior-123213-123','15:45:00','18:05:00','1970-03-04','Singapore','Singapore','Ea proident enim ne',6,'2022-02-22 16:28:57','2022-02-22 16:28:57',56);
INSERT INTO project.events (id,title,slug,start_time,end_time,event_date,city,country,description,event_type_id,updated_at,created_at,organizer_id) VALUES
	 (31,'Est quis velit maior 123213 12 123 asd3','est-quis-velit-maior-123213-12-123-asd3','15:45:00','18:05:00','1970-03-04','Singapore','Singapore','Ea proident enim ne',6,'2022-02-22 16:29:25','2022-02-22 16:29:25',56),
	 (32,'Est quis velit maior 123213 12 123 asd3 asd','est-quis-velit-maior-123213-12-123-asd3-asd','15:45:00','18:05:00','1970-03-04','Singapore','Singapore','Ea proident enim ne',6,'2022-02-22 16:29:43','2022-02-22 16:29:43',56),
	 (33,'Est quis v asd elit maior 123213 12 123 asd3 asd','est-quis-v-asd-elit-maior-123213-12-123-asd3-asd','15:45:00','18:05:00','1970-03-04','Singapore','Singapore','Ea proident enim ne',6,'2022-02-22 16:30:05','2022-02-22 16:30:05',56),
	 (34,'Est quis v asd elit  sadmaior 123213 12 123 asd3 asd','est-quis-v-asd-elit-sadmaior-123213-12-123-asd3-asd','15:45:00','18:05:00','1970-03-04','Singapore','Singapore','Ea proident enim ne',6,'2022-02-22 16:30:15','2022-02-22 16:30:15',56),
	 (35,'Est quis v asd elit  sadmaior 123 asd213 12 123 asd3 asd','est-quis-v-asd-elit-sadmaior-123-asd213-12-123-asd3-asd','15:45:00','18:05:00','1970-03-04','Singapore','Singapore','Ea proident enim ne',6,'2022-02-22 16:30:23','2022-02-22 16:30:23',56),
	 (36,'Est quis v asd elit  sasa dasddmaior 123 asd213 12 123 asd3 asd','est-quis-v-asd-elit-sasa-dasddmaior-123-asd213-12-123-asd3-asd','15:45:00','18:05:00','1970-03-04','Singapore','Singapore','Ea proident enim ne',6,'2022-02-22 16:30:37','2022-02-22 16:30:37',56),
	 (37,'Est quis v asd elit  sasa dasddmaior 123 asd sadasd213 12 123 asd3 asd','est-quis-v-asd-elit-sasa-dasddmaior-123-asd-sadasd213-12-123-asd3-asd','15:45:00','18:05:00','1970-03-04','Singapore','Singapore','Ea proident enim ne',6,'2022-02-22 16:30:56','2022-02-22 16:30:56',56),
	 (38,'IGOR''s BDAY','igors-bday','22:16:00','13:53:00','1987-05-01','Singapore','Singapore','Totam delectus et t',1,'2022-02-22 16:31:37','2022-02-22 16:31:37',56),
	 (39,'IGOR''s BDAY asd','igors-bday-asd','22:16:00','13:53:00','1987-05-01','Monte Carlo','Monaco','Totam delectus et t',1,'2022-02-22 16:34:08','2022-02-22 16:34:08',56),
	 (40,'IGOR''s BDAY asd aa sd12 3sd','igors-bday-asd-aa-sd12-3sd','22:16:00','13:53:00','1987-05-01','Monte Carlo','Monaco','Totam delectus et t',1,'2022-02-22 16:34:41','2022-02-22 16:34:41',56);
INSERT INTO project.events (id,title,slug,start_time,end_time,event_date,city,country,description,event_type_id,updated_at,created_at,organizer_id) VALUES
	 (41,'IGOR''s BDAY asd aa sd12 3s asd das 123d','igors-bday-asd-aa-sd12-3s-asd-das-123d','22:16:00','13:53:00','1987-05-01','Monte Carlo','Monaco','Totam delectus et t',1,'2022-02-22 16:35:01','2022-02-22 16:35:01',56),
	 (42,'IGOR''s BDAY asd  asd asdaa sd12 3s asd das 123d','igors-bday-asd-asd-asdaa-sd12-3s-asd-das-123d','22:16:00','13:53:00','1987-05-01','Monte Carlo','Monaco','Totam delectus et t',1,'2022-02-22 16:35:54','2022-02-22 16:35:54',56),
	 (43,'IGOR''s BDAY Party','igors-bday-party','22:16:00','13:53:00','1987-05-01','Monte Carlo','Monaco','Totam delectus et t',1,'2022-02-22 16:36:11','2022-02-22 16:36:11',56),
	 (44,'BOJAN''s BDAY Party','bojans-bday-party','22:16:00','13:53:00','1987-05-01','Monte Carlo','Monaco','Totam delectus et t',1,'2022-02-22 16:36:40','2022-02-22 16:36:40',56),
	 (45,'New Event','new-event','19:45:00','10:09:00','2015-11-10','Monte Carlo','Monaco','Est quia et dolore a',10,'2022-02-22 17:25:07','2022-02-22 17:25:07',23),
	 (47,'My New March Event','my-new-march-event','12:00:00','01:15:00','2022-03-12','Madrid','Spain','Bla bla bla',4,'2022-02-28 19:04:03','2022-02-28 18:58:18',23),
	 (71,'Event For Film Star 📽️','event-for-film-star','22:00:00','02:12:00','2022-03-18','Sofia','Bulgaria','Filming',9,'2022-03-01 13:35:45','2022-03-01 13:35:45',23),
	 (72,'My Event','my-event','15:00:00','16:00:00','2022-03-19','Madrid','Spain','test',5,'2022-03-01 14:10:57','2022-03-01 14:10:57',66),
	 (73,'New Event Prezentacija','new-event-prezentacija','20:15:00','22:20:00','2022-03-30','Madrid','Spain','Description 1',7,'2022-03-01 15:12:01','2022-03-01 15:12:01',72);
INSERT INTO project.offers (id,slug,payment_type,created_at,updated_at,completed_at,artist_id,event_id,price,status) VALUES
	 (15,'15c4cmpas82t5gk3nhw9mp8xqvpv4v1jhgbdgnqgiv',1,'2022-02-02 14:20:55','2022-02-28 19:47:46','2022-02-28 19:47:46',6,15,999.0,'DECLINED'),
	 (36,'offer-casino-royalech2b7dff5p',1,'2022-02-13 20:43:10','2022-02-28 20:41:11','2022-02-28 19:47:25.156',13,15,1299.0,'COMPLETED'),
	 (7,'offer-igors-birthday-jkASHDhASD',1,'2021-06-30 23:12:35.25','2022-02-05 13:52:49','2022-02-05 13:52:49',6,2,350.0,'COMPLETED'),
	 (59,'offer-my-event1htqojb13j',1,'2022-03-01 14:11:25','2022-03-01 14:13:40','2022-03-01 14:13:40',47,72,499.0,'WAITING FOR PAYMENT'),
	 (9,'offer-vip-party-HJDKASHDJK',1,'2022-01-29 18:00:06.173169','2022-02-07 15:20:11','2022-02-07 15:20:11',6,8,NULL,'COMPLETED'),
	 (57,'offer-new-event6kv7ys4dz9',1,'2022-03-01 12:43:07','2022-03-01 14:26:51','2022-03-01 12:47:05',1,45,36500.0,'COMPLETED'),
	 (30,'test-2-proposal-bsbwhnkvon',1,'2022-02-03 19:58:09','2022-02-28 21:00:30','2022-02-28 20:58:11',1,21,350.0,'COMPLETED'),
	 (33,'casino-royale-gal6jywwzb',1,'2022-02-07 18:52:49','2022-02-28 21:05:11','2022-02-28 21:04:45',22,15,1650.0,'COMPLETED'),
	 (35,'offer-my-birthday7kdctgi8n1',1,'2022-02-13 20:42:29','2022-02-13 20:42:29',NULL,13,17,NULL,'IN PROGRESS'),
	 (25,'my-birthday-r7tjqe5prn',1,'2022-02-03 17:54:29','2022-02-28 21:42:31','2022-02-28 21:41:03',6,17,1999.0,'COMPLETED');
INSERT INTO project.offers (id,slug,payment_type,created_at,updated_at,completed_at,artist_id,event_id,price,status) VALUES
	 (60,'offer-new-event-prezentacijaer9j5kkjkh',1,'2022-03-01 15:12:49','2022-03-01 15:14:28','2022-03-01 15:13:52',1,73,14000.0,'COMPLETED'),
	 (1,'offer-cocktail-party-MUKQbXUiKK',1,'2022-01-15 21:14:27','2022-03-01 15:18:16',NULL,1,1,360.0,'IN PROGRESS'),
	 (32,'bokis-birthday-l7mtuobo7s',1,'2022-02-07 18:52:41','2022-02-21 16:01:47','2022-02-21 16:01:47',22,14,15000.0,'COMPLETED'),
	 (12,'offer-casino-royale-BLABLABLA',1,'2022-02-01 22:08:00','2022-02-28 21:58:49','2022-02-28 21:48:51',1,15,19499.0,'COMPLETED'),
	 (10,'offer-webinar-HDGASKJKL',1,'2022-02-01 14:11:49.663315','2022-02-02 23:41:29.323676',NULL,13,9,NULL,'IN PROGRESS'),
	 (45,'offer-dj-party-nightocg6jrtvny',1,'2022-02-28 22:16:14','2022-02-28 22:17:29','2022-02-28 22:16:56',22,46,355.0,'COMPLETED'),
	 (11,'offer-team-building-HJDASKKL',1,'2022-02-01 14:22:44.64332','2022-02-02 23:41:29.331186',NULL,13,10,100.0,'IN PROGRESS'),
	 (40,'offer-my-birthdayka7was7yj9',1,'2022-02-22 17:21:16','2022-02-28 22:44:57','2022-02-28 22:42:00',1,17,45000.0,'COMPLETED'),
	 (18,'bokis-birthday-ugag7pcw7i',1,'2022-02-02 17:09:13',NULL,'2022-02-02 23:40:25.806286',1,14,NULL,'COMPLETED'),
	 (42,'offer-dj-party-night7t4w2tcjoh',1,'2022-02-27 18:34:21','2022-03-01 11:46:10','2022-03-01 11:39:05',1,46,12500.0,'COMPLETED');
INSERT INTO project.offers (id,slug,payment_type,created_at,updated_at,completed_at,artist_id,event_id,price,status) VALUES
	 (56,'offer-my-new-march-eventawgeebwuke',1,'2022-03-01 12:30:45','2022-03-01 12:33:36','2022-03-01 12:31:07',1,47,26000.0,'COMPLETED'),
	 (39,'offer-bojans-bday-party2y3fh1k5kk',1,'2022-02-22 16:36:40','2022-02-22 16:36:40',NULL,1,44,NULL,'IN PROGRESS'),
	 (58,'offer-event-for-film-star-bvselswffo',1,'2022-03-01 13:37:39','2022-03-01 13:37:39',NULL,64,71,NULL,'IN PROGRESS');
INSERT INTO project.offer_comments (id,"content",created_at,updated_at,author_id,offer_id) VALUES
	 (1,'I would like to get an offer for the proposal','2022-01-15 21:15:15',NULL,5,1),
	 (2,'I would like lower price','2022-01-29 18:00:39.488487',NULL,5,1),
	 (3,'Deal','2022-01-29 18:00:39.566474',NULL,5,1),
	 (4,'Something Something Something','2022-01-29 18:00:39.574957',NULL,6,9),
	 (5,'Deal','2022-01-29 18:00:39.58297',NULL,6,9),
	 (7,'Testing discussion','2022-02-01 23:13:00',NULL,23,12),
	 (8,'Testing discussion as Artist','2022-02-01 23:25:00',NULL,1,12),
	 (10,'Testing post method','2022-02-02 17:42:57',NULL,23,12),
	 (11,'Hi Taylor!','2022-02-02 17:43:49',NULL,23,12),
	 (12,'Hello there','2022-02-02 18:45:25.540512',NULL,23,12);
INSERT INTO project.offer_comments (id,"content",created_at,updated_at,author_id,offer_id) VALUES
	 (13,'Test Reply!','2022-02-02 17:56:59',NULL,23,15),
	 (14,'Bootstrap’s form controls expand on our Rebooted form styles with classes. Use these classes to opt into their customized displays for a more consistent rendering across browsers and devices.

Be sure to use an appropriate type attribute on all inputs (e.g., email for email address or number for numerical information) to take advantage of newer input controls like email verification, number selection, and more.

Here’s a quick example to demonstrate Bootstrap’s form styles. Keep reading for documentation on required classes, form layout, and more.','2022-02-02 17:59:09',NULL,23,15),
	 (15,'Comment from Petre the Manager','2022-02-05 12:50:23',NULL,28,30),
	 (26,'hello','2022-02-07 17:53:42',NULL,23,15),
	 (29,'Please describe','2022-02-07 18:55:21',NULL,22,33),
	 (30,'Okay','2022-02-07 18:58:10',NULL,23,33),
	 (31,'Hi','2022-02-13 19:37:38',NULL,23,15),
	 (32,'Hi','2022-02-13 19:38:03',NULL,23,32),
	 (33,'Hello Igor','2022-02-13 19:38:09',NULL,22,32),
	 (34,'Hello','2022-02-21 15:17:45',NULL,28,33);
INSERT INTO project.offer_comments (id,"content",created_at,updated_at,author_id,offer_id) VALUES
	 (35,'This is a test message','2022-02-22 13:01:52',NULL,22,33),
	 (36,'Hey','2022-02-22 17:23:09',NULL,22,33),
	 (37,'Test','2022-02-22 17:24:19',NULL,28,32),
	 (38,'Hello Taylor!','2022-02-27 18:35:50',NULL,23,42),
	 (39,'Kakav rodjendan bre','2022-02-28 19:44:45',NULL,6,25),
	 (40,'moji 🎂😏','2022-02-28 19:51:09',NULL,23,25),
	 (41,'hi igor','2022-02-28 21:48:51',NULL,1,12),
	 (42,'Kako sme?','2022-02-28 22:17:16',NULL,22,45),
	 (43,'hi girl 👋🙋‍♂️','2022-03-01 12:43:26',NULL,23,57),
	 (44,'Oh helloo 🤩🐶','2022-03-01 12:46:43',NULL,28,57);
INSERT INTO project.offer_comments (id,"content",created_at,updated_at,author_id,offer_id) VALUES
	 (45,'Hi Tom!','2022-03-01 13:38:10',NULL,23,58),
	 (46,'Starting discussion','2022-03-01 14:11:55',NULL,66,59),
	 (47,'Hi','2022-03-01 15:13:08',NULL,72,60),
	 (48,'Hi Organizer','2022-03-01 15:13:07',NULL,1,60),
	 (49,'Hi from manager','2022-03-01 15:18:34',NULL,28,1);
INSERT INTO project.reviews (rating,"content",created_at,organizer_id,artist_id) VALUES
	 (5,'Positive reviews are a great way to boost employee morale and keep your team motivated to deliver awesome experiences every day. In this review of Hard Rock Cafe','2022-01-15 21:16:55',5,1),
	 (5,' Putting a lighthearted spin on one customer’s rant got them a lot of attention. This chalkboard not only shows passersby that the business has a fun vibe','2022-01-15 21:17:10',5,1),
	 (4,'Review','2022-01-15 21:17:10',11,1),
	 (5,'Testt','2022-02-03 23:27:27.507053',23,6),
	 (4,'Testing rating','2022-02-03 23:28:42.480412',23,6),
	 (3,'Testtttttt','2022-02-03 23:34:34.903815',23,1),
	 (3,'ddd','2022-02-27 19:31:04.332814',23,1),
	 (5,'Test Review','2022-03-01 16:15:57.884873',72,1);
INSERT INTO project.transactions ("name",stripe_id,stripe_price,created_at,updated_at,offer_id,invoice_id) VALUES
	 ('t-0nxg74vVIo0dQs0fIjznPrfSh','cus_LEiiBYVeH39Tiy',19499.0,'2022-02-28 21:58:49','2022-02-28 21:58:49',12,'in_1KYHEwDvbiiCM3ffFKfe9Plf'),
	 ('t-t9aElBFGtAnpSwE0S9DFWXR8c','cus_LEiiBYVeH39Tiy',355.0,'2022-02-28 22:17:29','2022-02-28 22:17:29',45,'in_1KYHWzDvbiiCM3ffwKkts9cv'),
	 ('t-XIQkn142zH27mt1xutCNIW0Hd','cus_LEiiBYVeH39Tiy',45000.0,'2022-02-28 22:44:57','2022-02-28 22:44:57',40,'in_1KYHxaDvbiiCM3ff58z5O5kj'),
	 ('t-b0j2g2Kado49IJn7uW87Vs3Cx','cus_LEiiBYVeH39Tiy',12500.0,'2022-03-01 11:46:10','2022-03-01 11:46:10',42,'in_1KYU9ZDvbiiCM3ffN1Zmfeav'),
	 ('t-2qPSepBnf3HBj8Bqt54bXVN6y','cus_LEiiBYVeH39Tiy',26000.0,'2022-03-01 12:33:36','2022-03-01 12:33:36',56,'in_1KYUtVDvbiiCM3ffvg5lhu1O'),
	 ('t-qGG0SCbea4r9FIoBLmFgaBMw7','cus_LEiiBYVeH39Tiy',36500.0,'2022-03-01 14:26:51','2022-03-01 14:26:51',57,'in_1KYWf4DvbiiCM3ffJ07DV1PS'),
	 ('t-ea81olkE3W4YEzJZZIZNjqn4h','cus_LF1S0M9tM7i8Yw',14000.0,'2022-03-01 15:14:28','2022-03-01 15:14:28',60,'in_1KYXPADvbiiCM3ffWBDVZg1G');