insert into project.kompanii(kompanija_id, kompanija_ime, kompanija_adresa, kompanija_telefon) values
	(default, 'КИШ Транс', 'ул.Гоце Делчев', '+38976543123'),
	(default, 'Фулда', 'ул.Беджих Сметана', '+38976543123'),
	(default, 'Мак-Возилa', 'ул.808 16', '+38976543123'),
	(default, 'МакАутоСтар', 'ул. Индустриска 2', '+38976543123'),
	(default, 'Ерка БМЦ', 'ул. Железничка 16', '+38976543123');
	
insert into project.Administratori(administrator_id) values
	(1),(4);
	
insert into project.dispeceri(dispecer_id) values
	(2),(3),(5);
	
insert into project.vozaci(vozac_id) values 
	(6), (7);
	
insert into project.vraboteni_telefoni(vraboten_id, telefonski_broj) values
	(1, '+38977978000'),
	(2, '+38976935765'),
	(1, '+38971722073'),
	(3, '+38970240756'),
	(4, '+38972929292'),
	(5, '+38975455980'),
	(6, '+38970250876'),
	(7, '+38971345645'),
	(3, '+38977121902');
	
insert into project.tipovi (tip_id, tip_ime) values
	(default, 'Комбе'),
	(default, 'Камион'),
	(default, 'Шлепер');
	
insert into project.vozila(vozilo_id, vozilo_kapacitet, vozilo_marka, kompanija_id, tip_id, vozac_id) values
	(default, 5, 'Ман', 1, 3, 7),
	(default, 3, 'Мерцедес', 1, 2, 7),
	(default, 5, 'Сканија', 3, 1, 6),
	(default, 5, 'Ивеко', 3, 2, 6);
	
insert into project.gradovi(grad_id, grad_ime) values
	(default, 'Тетово'),
	(default, 'Кочани'),
	(default, 'Штип'),
	(default, 'Велес'),
	(default, 'Скопје'),
	(default, 'Битола');
	
insert into project.ruti(ruta_id, datum_poagjanje, datum_pristignuvanje, vozilo_id, zapocnuva_vo, zavrsuva_vo, dispecer_id, vozac_id) values
	(default, '2021-01-08', '2021-01-08', 1, 2, 1, 5, 7),
	(default, '2022-12-12', '2022-12-12', 3, 2, 2, 2, 6),
	(default, '2022-12-23', '2022-12-23', 3, 2, 2, 2, 6),
	(default, '2023-12-12', '2023-12-12', 3, 2, 2, 2, 6),
	(default, '2022-08-05', '2022-08-05', 2, 1, 3, 5, 7);
	
insert into project.kategorii(kategorija_id, kategorija_ime) values
	(default, 'Пијалоци'),
	(default, 'Храна'),
	(default, 'Мебел');
	
insert into project.rezervacii(rezervacija_id, rezervacija_status, klient_id, ruta_id) values 
	(default, 'Активна', 2, 2),
	(default, 'Активна', 1, 1),
	(default, 'Завршена', 1, 3);
	
insert into project.roba(roba_id, roba_kolicina, kategorija_id, rezervacija_id) values
	(default, 2, 2, 1),
	(default, 3, 1, 1),
	(default, 3, 3, 2),
	(default, 1, 1, 3);
	
insert into project.fakturi(faktura_id, faktura_iznos, rezervacija_id, administrator_id) values
	(default, 1000, 2, 4),
	(default, 1000, 1, 1),
	(default, 1000, 3, 4);
	
insert into project.licenci(licenca_id, licenca_vazi_od, licenca_vazi_do, kompanija_id) values
	(default, '2020-02-01', '2027-01-31', 1),
	(default, '2016-03-20', '2023-03-19', 2),
	(default, '2021-10-14', '2028-10-13', 3),
	(default, '2020-08-10', '2027-08-09', 4),
	(default, '2018-07-07', '2025-07-06', 5);