insert into sector_of_interal_affairs(s_id, city) values
(1, 'Скопје'),
(2, 'Тетово'),
(3, 'Куманово'),
(4, 'Охрид'),
(5, 'Битола'),
(6, 'Струмица'),
(7, 'Кавадарци'),
(8, 'Штип'),
(9, 'Прилеп'),
(10, 'Гостивар'),
(11, 'Гевгелија'),
(12, 'Радовиш'),
(13, 'Ресен'),
(14, 'Кочани'),
(15, 'Кичево');

-- M for Male and F for Female
-- Наместо број на регион во ембг за странци се става 04
insert into people(pe_id, first_name, last_name, gender, address, picture, contact, embg, date_of_birth, country, nationality) values
(1, 'Кице', 'Петров', 'M', 'ул. 144 бр. 20', 'https://images.unsplash.com/photo-1615109398623-88346a601842?q=80&w=1000&auto=format&fit=crop&ixlib=rb-4.0.3&ixid=M3wxMjA3fDB8MHxzZWFyY2h8MTZ8fG1hbnxlbnwwfHwwfHx8MA%3D%3D', '077-777-766', '1002995470090', '1995-02-10', 'Македонија', 'Македонец'),
(2, 'Митре', 'Пандиловски', 'М', 'ул. Широк Сокак бр. 10', 'https://img.freepik.com/premium-photo/photo-document-passport-id-mature-caucasian-man-suit_262388-3596.jpg?w=360', '070-223-305', '1004991410092', '1991-04-10', 'Македонија', 'Македонец'),
(3, 'Елена', 'Стојановска', 'F', 'ул. Маршал Тито бр. 25', 'https://img.freepik.com/free-photo/portrait-young-beautiful-woman-with-smoky-eyes-makeup-pretty-young-adult-girl-posing-studio-closeup-attractive-female-face_186202-4439.jpg?size=626&ext=jpg&ga=GA1.1.938941469.1701200455&semt=ais', '070-234-567', '2912000435168', '2000-12-29', 'Македонија', 'Македонец'),
(4, 'Стојна', 'Кириловска', 'F', 'бул. Гоце Делчев бр. 7', 'https://img.freepik.com/free-photo/beautiful-blonde-woman-portrait-smiling-face_53876-137593.jpg?size=626&ext=jpg&ga=GA1.1.938941469.1701200455&semt=ais', '072-456-789', '0509002447053', '2002-09-05', 'Македонија', 'Македонец'),
(5, 'Надица', 'Станоевска', 'F', 'бул. Митрополит Теодосиј Гологанов бр. 30', 'https://img.freepik.com/free-photo/portrait-young-woman-wearing-striped-blouse_273609-19535.jpg?size=626&ext=jpg&ga=GA1.1.938941469.1701200455&semt=ais', '076-678-901', '1706985455136', '1985-06-17', 'Македонија', 'Македонец'),
(6, 'Огнен', 'Димовски', 'M', 'ул. Македонска бр. 18', 'https://img.freepik.com/premium-photo/portrait-face-headshot-man-studio-isolated-white-background-posing-with-casual-attitude-handsome-young-guy-serious-male-person-pose-id-photo-passport-picture-confidence_590464-174264.jpg?w=2000', '075-567-890', '2307998490128', '1998-07-23', 'Македонија', 'Македонец'),
(7, 'Драган', 'Бучков', 'M', 'бул. Климент Охридски бр. 42', 'https://img.freepik.com/free-photo/emotions-people-concept-headshot-serious-looking-handsome-man-with-beard-looking-confident-determined_1258-26730.jpg?size=626&ext=jpg&ga=GA1.1.938941469.1701200455&semt=ais', '077-789-012', '1010963450183', '1963-10-10', 'Македонија', 'Македонец'),
(8, 'Марија', 'Петков', 'F', 'ул. Даме Груев бр. 11', 'https://img.freepik.com/free-photo/beautiful-female-looking-into-camera-with-dreamy-expression_273609-12390.jpg?size=626&ext=jpg&ga=GA1.1.938941469.1701200455&semt=ais', '078-890-123', '2511979435026', '1979-11-25', 'Македонија', 'Македонец'),
(9, 'Стефанија', 'Петкова', 'F', 'ул. Јосиф Јосифовски Свештарот бр. 14', 'https://img.freepik.com/free-photo/pretty-smiling-joyfully-female-with-fair-hair-dressed-casually-looking-with-satisfaction_176420-15187.jpg?size=626&ext=jpg&ga=GA1.1.938941469.1701200455&semt=ais', '079-901-234', '2902002465155', '2002-02-28', 'Македонија', 'Македонец'),
(10, 'Теодора', 'Кочовска', 'F', 'ул. Дебарца бр. 22', 'https://img.freepik.com/free-photo/portrait-young-tender-redhead-teenage-girl-with-green-eyes-wearing-blue-top-looking-with-serious-pensive-expression-standing-blue-wall-her-lips-slightly-parted_344912-1067.jpg?size=626&ext=jpg&ga=GA1.1.938941469.1701200455&semt=ais', '075-112-233', '2408948445017', '1948-08-24', 'Македонија', 'Македонец'),
(11, 'Анастас', 'Ангелески', 'M', 'бул. 11-ти Октомври бр.64', 'https://img.freepik.com/free-photo/close-up-bearded-tired-man_176420-18785.jpg?size=626&ext=jpg&ga=GA1.1.938941469.1701200455&semt=ais', '076-223-344', '310598450069', '1984-05-31', 'Македонија', 'Македонец'),
(12, 'Жана', 'Апостолова', 'F', 'бул. Туристичка бр. 65', 'https://img.freepik.com/free-photo/portrait-beautiful-redhead-woman-smiling_176420-8008.jpg?size=626&ext=jpg&ga=GA1.1.938941469.1701200455&semt=ais', '070-123-456', '0701972435058', '1972-01-07', 'Македонија', 'Македонец'),
(13, 'Иван', 'Петрушев', 'M', 'ул. Даме Груев бр. 92', 'https://img.freepik.com/free-photo/worldface-british-guy-white-background_53876-146315.jpg?size=626&ext=jpg&ga=GA1.1.938941469.1701200455&semt=ais', '077-654-321', '2004989430139', '1989-04-20', 'Македонија', 'Македонец'),
(14, 'Марио', 'Трајковски', 'M', 'ул. Батаљон Стив Наумов бр. 15', 'https://img.freepik.com/free-photo/young-bearded-man-with-white-t-shirt_273609-7187.jpg?size=626&ext=jpg&ga=GA1.1.938941469.1701200455&semt=ais', '078-321-456', '2103965410071', '1965-03-21', 'Македонија', 'Македонец'),
(15, 'Миомир', 'Трајков', 'M', 'ул. 29-ти Ноември бр. 70', 'https://img.freepik.com/free-photo/close-up-shot-serious-looking-handsome-adult-european-man-with-red-hair-beard-staring-with-focused-determined-expression-standing-strict-pose-gray-wall_176420-27574.jpg?size=626&ext=jpg&ga=GA1.1.938941469.1701200455&semt=ais', '074-123-654', '1210978470198', '1978-10-12', 'Македонија', 'Македонец'),
(16, 'Мирка', 'Башарова', 'F', 'ул. Антон Димитров бр. 123', 'https://img.freepik.com/free-photo/beautiful-blonde-woman-portrait-smiling-face_53876-139732.jpg?size=626&ext=jpg&ga=GA1.1.938941469.1701200455&semt=ais', '072-456-321', '1112988455087', '1988-12-11', 'Македонија', 'Македонец'),
(17, 'Христина', 'Стојкоска', 'F', 'ул. Борче Кочовски бр. 91', 'https://img.freepik.com/free-photo/headshot-attractive-red-haired-european-woman-with-freckled-skin-looks-seriously-camera-has-minimal-make-up-wears-red-sweater-isolated-white-natural-beauty-concept_176532-8382.jpg?size=626&ext=jpg&ga=GA1.1.938941469.1701200455&semt=ais', '071-654-123', '0101993475135', '1993-01-01', 'Македонија', 'Македонец'),
(18, 'Цветан', 'Нечев', 'M', 'ул. Солидарност бр. 31', 'https://img.freepik.com/free-photo/cropped-portrait-young-handsome-boy-looking-camera-posing-isolated-green-background_155003-45249.jpg?size=626&ext=jpg&ga=GA1.1.938941469.1701200455&semt=ais', '070-564-789', '3011995490133', '1996-11-30', 'Македонија', 'Македонец'),
(19, 'Инес', 'Шулајковска', 'F', 'ул. Цар Самоил бр.25', 'https://img.freepik.com/free-photo/portrait-young-beautiful-smiling-hipster-girl-trendy-summer-checkered-shirt-jeans-clothes_158538-3329.jpg?size=626&ext=jpg&ga=GA1.1.938941469.1701200455&semt=ais', '075-945-357', '2902004415004', '2004-02-29', 'Македонија', 'Македонец'),
(20, 'Филипа', 'Кралевска', 'M', 'бул. Партизански Одреди бр. 147', 'https://img.freepik.com/free-photo/people-emotions-close-up-confident-smiling-young-woman-looking-camera-standing-casual-r_1258-87448.jpg?size=626&ext=jpg&ga=GA1.1.938941469.1701200455&semt=ais', '076-943-757', '1003000455187', '2000-03-10', 'Македонија', 'Македонец'),
(21, 'Ангела', 'Меркел', 'F', 'бул. Партизански Одреди бр. 29', 'https://img.freepik.com/free-photo/portrait-young-pretty-cheerful-girl-smiling_176420-9553.jpg?size=626&ext=jpg&ga=GA1.1.938941469.1701200455&semt=ais', '078-137-796', '1307001045020', '2001-07-13', 'Германија', 'Германка'),
(22, 'Фатих', 'Јилмаз', 'M', 'ул. Митрополит Теодосиј Гологанов бр. 55', 'https://images.unsplash.com/photo-1615109398623-88346a601842?q=80&w=1000&auto=format&fit=crop&ixlib=rb-4.0.3&ixid=M3wxMjA3fDB8MHxzZWFyY2h8MTZ8fG1hbnxlbnwwfHwwfHx8MA%3D%3D', '074-852-654', '1709002040061', '2002-09-17', 'Турција', 'Турчин'),
(23, 'Филипе Алаин', 'Лаурент', 'M', 'бул. 8-ми Септември бр. 8', 'https://images.unsplash.com/photo-1615109398623-88346a601842?q=80&w=1000&auto=format&fit=crop&ixlib=rb-4.0.3&ixid=M3wxMjA3fDB8MHxzZWFyY2h8MTZ8fG1hbnxlbnwwfHwwfHx8MA%3D%3D', '075-641-965', '1303977040147', '1977-03-13', 'Франција', 'Французинка'),
(24, 'Аиша', 'Саад', 'F', 'бул. Туристичка бр. 100', 'https://img.freepik.com/free-photo/portrait-young-pretty-cheerful-girl-smiling_176420-9553.jpg?size=626&ext=jpg&ga=GA1.1.938941469.1701200455&semt=ais', '076-623-645', '1612948045078', '1948-12-15', 'Сирија', 'Сиријка'),
(25, 'Мандла', 'Дламини', 'F', 'бул. 3-та Македонска Ударна Бригада бр. 52', 'https://img.freepik.com/free-photo/portrait-expressive-young-woman_1258-48167.jpg?size=626&ext=jpg&ga=GA1.1.938941469.1701200455&semt=ais', '070-506-907', '1802002045163', '2002-02-18', 'Јужноафриканска Република', 'Јужноафриканка');

insert into accused(pe_id) values
(1),
(5),
(11),
(22);

insert into witness(pe_id) values
(3),
(13),
(16),
(23);

insert into victim(pe_id) values
(2),
(9),
(10),
(24);

insert into police_station (p_id, p_address, s_id, pe_id) values
(1, 'ул. Иван Аговски бр. 3', 1, 13),
(2, 'ул. Маршал Тити бб', 2, 14),
(3, 'ул. 29-ти Ноември бб', 13, 15),
(4, 'бул. Mакедонски просветители бр. 21', 4, 16);

-- status: Активен A, Затворен Z
insert into crime_case(c_id, c_name, opening_date, c_status, p_id) values
(1, 'Подморница', '2023-11-27', 'A', 1),
(2, 'Хакери', '2011-03-03', 'Z', 3),
(3, 'Тероризам', '2016-02-01', 'Z', 2),
(4, 'Насилство', '2017-10-23', 'Z', 4),
(5, 'Тревник', '2023-10-27', 'A', 3),
(6, 'Киднапирање', '2022-08-27', 'A', 4);

-- case_id, policemen_id, victim_id, witness_id
insert into statements (s_id, statement_date, description, incident_timestamp, incident_place, c_id, pe_id, victim_pe_id, witness_pe_id) values
(1, '2016-05-11', 'Влегол во автобус. Непознато лице му извадило нож...', '2016-04-22 19:10:25', 'ул. Рузвелтова во градски автобус бр.4', 3, 17, 2, 3),
(2, '2017-10-23', 'Насилство во семејна куќа...', '2017-10-23 09:05:40', 'ул. Дебарца бр. 107', 4, 6, 9, 13),
(3, '2022-08-27', 'Државјанин на Република Косово го нападна министерот за здраство со боксирач...', '2022-08-28 23:40:00', 'ул. Орце Николов бр. 56', 6, 18, 10, 16),
(4, '2011-03-03', 'Хакерски напад врз компјутер на лице од влада...', '2011-03-03 03:58:45', 'бул. Туристичка бр. 137', 2, 8, 24, 23),
(5, '2024-08-27', 'Одбраната на околу 20-тина обвинети денеска даваше воведни зборови и случајот почнува од нула.
 Ова судење се врати на почеток поради пензионирање на поротник, а судот немаше делегирано резервни поротници
 во овој најголем судски предмет од организиран криминал.Застапник на обвинението и натаму е Лиле Стефанова, обвинителка за
организиран криминал и корупција. Во претходните четири години, се слушнаа илјадници прислушувани разговори одделно за сите
кривини дела што им се товарат на 20-мината обвинети и ќе се слушаат најверојатно повторно. Повторно ќе се изведува и целата
доказна постапка и ќе се викаат десетици и десетици сведоци.', '2023-12-28 13:40:00', 'ул. Партизански Одреди бр. 63', 1, 7, 9, 16),
(6, '2021-07-27', '„Тревник“– Истрагата, со работен наслов „Tревник“, која ја отвора СЈО, како резултат на прислушувани и видео снимки, јавно необјавени разговори,
опфаќа основано сомнение за кривичноправни дејствија на три лица за изградба на три викенд-куќи во Општина Зелениково, без да имаат право на таква зграда,
односно градење без одобрение за градење. Според прибавените докази, меѓу кои и сателитски снимки, нивно вештачење, како и друга документација,
овие три викенд-куќи биле започнати да се градат во 2011 година, а одобрение за градење од општината е добиено во 2013 година, кога веќе биле и завршени.
 Законот за градење предвидува обратен редослед, односно најпрвин правосилно одобрение за градење, па отпочнување со градење, а надвор од тој редослед таквите
противзаконски дејствија се предвидени и казниви со соодветното кривично дело, бесправно градење од член 244 а став 1 од КЗ, за кое е и отворена оваа истрага.',
'2021-12-28 13:40:00', 'ул. Партизански Одреди бр. 62', 5,6, 10, 13),
(7, '2021-07-27', 'Според судот, обвинетите започнале со градба на спорните згради , но подоцна побарале дозволи, па
нивните куќи биле легализирани според законската процедура за легализација на бесправно изградени објекти. Според судот,
 исто така, од суштествено значење е што претходно никоја од институциите не утврдила дека се работи за дивоградби.',
'2021-12-28 13:40:00', 'ул. Петар Поп Арсов бр.12', 5,6, 10, 13);

insert into type_of_crime (t_id, t_name) values
(1, 'Кражба'),
(2, 'Физички напад'),
(3, 'Семејно насилство'),
(4, 'Трговија со луѓе'),
(5, 'Шверц со дрога'),
(6, 'Киднапирање/исчезнување');

insert into solved_case (sc_description , final_document, c_id, date_of_closing) values
('Овинителството го затвора случајот со добиен осомничен.', 'data:image/png;base64,[BLOB]', 2, '2014-01-02'),
('Овинителството го затвора случајот поради истекување на рокот', 'https://republika.mk/wp-content/uploads/2022/07/krivicna-muaremi.jpg', 3, '2017-03-05'),
('Полицијата не го испраќа случајот до обвинителство поради недоволно докази', 'https://encrypted-tbn0.gstatic.com/images?q=tbn:ANd9GcQBgaJrCTwRC4oEcRE3ixoABZMopFCDQXsYVYJApkFv0-axp8Mg8Up0UVGm9wuR5vdYTD0&usqp=CAU', 4, '2017-12-11');

-- Физички објект, документ, демонстративен, дигитален, карактерен, научен, фотографија
insert into evidence(e_id, e_name, e_type, is_found, e_picture) values
(1, 'Нож', 'Физички објект', true , 'https://img.freepik.com/free-photo/closeup-shot-sharp-army-knife_181624-14878.jpg?size=626&ext=jpg&ga=GA1.1.938941469.1701200455&semt=ais'),
(2, 'Компјутер', 'Физички објект', false , 'https://m.media-amazon.com/images/I/718sn7oOcfL.jpg'),
(3, 'Видео снимки', 'Дигитален', true, 'https://panacea.mk/wp-content/uploads/2018/07/modrici-2.jpg'),
(4, 'Боксирач', 'Фотографија', true , 'https://faktor.mk/media/main/2016/10/20161013160451.jpg'),
(5, 'Згради', 'Фотографија', false , 'https://encrypted-tbn0.gstatic.com/images?q=tbn:ANd9GcTtyAeU33swAJ3VYmMIwSZHxu6Z3lLA9KPdj0SRsS5A1Q&s'),
(6, 'Зграда', 'Фотографија', true, 'https://i0.wp.com/www.pravdiko.mk/wp-content/uploads/2018/04/Osnoven-sud-Skopje-1-nova-zgrada-2apr18-Meta.jpg?ssl=1');

-- evidence_id,statement_id
insert into mentions_evidence(e_id,s_id) values
(1,1),
(2,4),
(3,6),
(4,3),
(5,7),
(6,6);

-- accused_id, case_id
insert into accused_for (accused_pe_id, c_id) values
(1, 3),
(5, 1),
(11, 4),
(22, 2);


insert into case_belongs_to_type_of_crime (c_id, t_id) values
(1, 3),
(2, 1),
(3, 2),
(4, 3),
(5, 6),
(6, 6);
