INSERT INTO DESTINACII (idDest, imeLokacija, opisLokacija, tipoviMesta, preporachanaSezona, prosechnaTemp, lat, lon, drzhava, popularnost, ime, opis, idTag) VALUES
(1, 'Скопје', 'Главниот град со богата историја и култура', 'Историски', 'Целогодишно', 18.0, 41.998, 21.425, 'Македонија', 85, 'Матка', 'Место каде може да се релаксирате од градската гужва и да уживате во чистиот воздух.', 1),
(2, 'Маврово', 'Мало место со најубави скијачки центри', 'Планина', 'Зима', 5.0, 41.654941, 20.733851, 'Македонија', 60, 'Мавровски Ски Центар', 'Идеално за зимски спортови и рекреација', 2),
(3, 'Охрид', 'Едно од најпознатите езера ширум регионот, воедно и најстарото во Европа', 'Историски', 'Лето', 24.0, 41.117222, 20.801667, 'Македонија', 90, 'Охридско Езеро', 'Уникатно место со богата историја и култура', 3);

INSERT INTO KORISNICI (idKorisnik, ime, prezime, ePoshta, telBr, datumRagjanje, idDest) VALUES
(1, 'Carlos', 'Alcaraz', 'carlos.alcaraz@example.com', '555123456', '2003-05-05', 1),
(2, 'Rafael', 'Nadal', 'rafael.nadal@example.com', '987654321', '1986-06-03', 2),
(3, 'Novak', 'Djokovic', 'novak.djokovic@example.com', '123456789', '1987-05-22', 3);

INSERT INTO STANDARD (idKorisnik, ime, prezime, ePoshta, telBr, datumRagjanje) VALUES
(1, 'Novak', 'Djokovic', 'novak.djokovic@example.com', '123456789', '1987-05-22'),
(2, 'Rafael', 'Nadal', 'rafael.nadal@example.com', '987654321', '1986-06-03');

INSERT INTO PREMIUM (idKorisnik, ime, prezime, ePoshta, telBr, datumRagjanje, datumKreiranje, popust) VALUES
(3, 'Carlos', 'Alcaraz', 'carlos.alcaraz@example.com', '555123456', '2003-05-05', 3);

INSERT INTO RECENZII (idRecenzija, korisnichkoIme, kvalitet, zabeleshka, datumRecenzija, brGlasovi, idDest, idKorisnik, idRezervacija) VALUES
(1, 'NovakDjokovic', 5, 'Фантастично место, би го посетил повторно!', '2024-01-05', 10, 1, 1, 1),
(3, 'CarlosAlcaraz', 4, 'Одличен поглед, но премногу гужва.', '2024-01-06', 5, 2, 2, 2);

INSERT INTO METEROLOSHKASOSTOJBA (idMeteo, momentTemp, sostojbaVreme, predupreduvanja, vlazhnost, veter, mesec, idDest) VALUES
(1, 25.0, 'Сончево', 'Нема предупредувања', 50.0, 10.0, 6, 1),
(2, 15.0, 'Облачно', 'Мали дождови се очекуваат', 70.0, 15.0, 5, 2);

INSERT INTO PAKETI (idPaket, imePaket, cena, pochetok, kraj, idDest, idAktivnost, idRezervacija) VALUES
(1, 'Одмор покрај море', 200, '2025-06-01 10:00:00', '2025-06-10 18:00:00', 1, 1, 1),
(2, 'Планинарска авантура', 150, '2025-05-01 09:00:00', '2025-05-15 17:00:00', 2, 2, 2);

INSERT INTO AKTIVNOSTI (idAktivnost, imeAktivnost, informacii, kategorija, iznos, idDest) VALUES
(1, 'Пливање', 'Уживајте во утринско пливање', 'Вода', 50, 1),
(2, 'Планинарење', 'Истражувајте планински патеки', 'Авантури', 75, 2);

INSERT INTO REZERVACII (idRezervacija, vremenskaTochka, vkupnaCena, idAktivnost, idKorisnik, idMeteo) VALUES
(1, '2025-06-05', 100, 1, 1, 1),
(2, '2025-05-10', 150, 2, 2, 2);

INSERT INTO PREFERENCI (idPreferenca, tipPreferenca, prioritet, idKorisnik) VALUES
(1, 'Плажа', 1, 1),
(2, 'Планина', 2, 2);

INSERT INTO NASTANI (idNastan, naziv, vidovi, pochetenDatum, kraenDatum, detali, idDest) VALUES
(3, 'Охридско Лето', 'Музика, Театар, Уметност', '2025-07-12', '2025-08-20', 'Меѓународен фестивал со разновидни културни настани, вклучувајќи концерти, театарски претстави и уметнички изложби.', 3),
(4, 'Охридски Воден Фестивал', 'Спорт, Вода, Натпревари', '2025-08-01', '2025-08-07', 'Фестивал посветен на водени спортови, вклучувајќи пливачки вештини, едриличарски регати и веслачки натпревари.', 3);

INSERT INTO TAGOVI (idTag, tagOznaka, idDest) VALUES
(1, 'Плажа', 1),
(2, 'Планина', 2),
(3, 'Историски', 3);
